{"id":85,"date":"2020-04-23T09:54:55","date_gmt":"2020-04-23T09:54:55","guid":{"rendered":"http:\/\/localhost\/pelister\/?page_id=85"},"modified":"2020-09-13T20:38:27","modified_gmt":"2020-09-13T20:38:27","slug":"hidrology-2","status":"publish","type":"page","link":"https:\/\/park-pelister.com\/sq\/hidrology-2\/","title":{"rendered":"Hidrologjia"},"content":{"rendered":"<p><img loading=\"lazy\" class=\"alignnone size-medium wp-image-551\" src=\"http:\/\/pelister.development.ivote.mk\/wp-content\/uploads\/2020\/05\/semnica-1-2-300x225.jpg\" alt=\"\" width=\"300\" height=\"225\" srcset=\"https:\/\/park-pelister.com\/wp-content\/uploads\/2020\/05\/semnica-1-2-300x225.jpg 300w, https:\/\/park-pelister.com\/wp-content\/uploads\/2020\/05\/semnica-1-2.jpg 640w\" sizes=\"(max-width: 300px) 100vw, 300px\" \/><\/p>\n<p><em>Lumi Shemnica &#8211; lumi me rrjedhjen m\u00eb t\u00eb gjat\u00eb t\u00eb ujit nga lumenjt\u00eb n\u00eb Pelister.<\/em><\/p>\n<p>Pelisteri ka nj\u00eb rrjet hidrografik t\u00eb zhvilluar, k\u00ebshtu q\u00eb kjo zon\u00eb \u00ebsht\u00eb e pasur me burime, p\u00ebrrenj dhe lumenj malor\u00eb, dhe ka dy liqene akullnajore.<\/p>\n<p>Masivi i Pelisterit kryq\u00ebzohet nga nj\u00eb num\u00ebr lumenjve piktoresk malor n\u00ebp\u00ebr t\u00eb cil\u00ebt rrjedhin uj\u00ebra t\u00eb past\u00ebr dhe t\u00eb ftoht\u00eb. T\u00eb gjith\u00eb k\u00ebto e p\u00ebrb\u00ebjn\u00eb\u00a0 dekorimin e peizazhit malor. Ata jan\u00eb nj\u00eb zbukurim i malit dhe fisnik\u00ebrojn\u00eb peizazhin p\u00ebrmes t\u00eb cilit rrjedhin.<\/p>\n<p>Disa nga uj\u00ebrat rrjedhin drejt Liqenit t\u00eb Presp\u00ebs dhe i p\u00ebrkasin pellgut t\u00eb Adriatikut, dhe t\u00eb tjera p\u00ebrmes Pellagonis\u00eb, n\u00eb pellgun e Egjeut. Nga luginat e larta malore e deri tek luginat p\u00ebrreth, zbresin 23 rrjedha lumenjsh. Ata kan\u00eb nj\u00eb karakter t\u00eb ve\u00e7ant\u00eb malor. Rrjedha ujore m\u00eb e gjat\u00eb n\u00eb Pelister me gjat\u00ebsi 46 km \u00ebsht\u00eb lumi Shemnica.<\/p>\n<p>Nga objektet hidrografike, me t\u00ebrheqje t\u00eb ve\u00e7ant\u00eb jan\u00eb dy liqenet akullnajor\u00eb &#8211; Liqeni i Madh dhe Liqeni i Vog\u00ebl i Pelisterit, t\u00eb njohur me emrin\u00a0 Syt\u00eb e Pelisterit.<\/p>\n<p>Liqeni i adh shtrihet n\u00eb nj\u00eb lart\u00ebsi prej 2218m. esht\u00eb nj\u00eb nga liqenet m\u00eb t\u00eb larta akullnajore n\u00eb Maqedoni. Shtrihet n\u00eb drejtimin veri-jug,\u00a0 mbulon nj\u00eb sip\u00ebrfaqe prej 4.2 ha,\u00a0 i gjat\u00eb 223 m, i gjer\u00eb 162 m, dhe me thell\u00ebsi 14.5 m.<\/p>\n<p>Liqeni i vog\u00ebl shtrihet n\u00eb 2180 m. ndodhet n\u00eb burimet e lumenjve t\u00eb Kuq. \u00cbsht\u00eb i gjat\u00eb 79 m, i gjer\u00eb 68 m, me thell\u00ebsi 2,6 m dhe rreth 2 km larg nga Liqeni i Madh, n\u00eb nj\u00eb drejtim veriper\u00ebndimor.<\/p>\n<p>&nbsp;<\/p>","protected":false},"excerpt":{"rendered":"<p>Lumi Shemnica &#8211; lumi me rrjedhjen m\u00eb t\u00eb gjat\u00eb t\u00eb ujit nga lumenjt\u00eb n\u00eb Pelister. Pelisteri ka nj\u00eb rrjet hidrografik t\u00eb zhvilluar, k\u00ebshtu q\u00eb kjo zon\u00eb \u00ebsht\u00eb e pasur me burime, p\u00ebrrenj dhe lumenj malor\u00eb, dhe ka dy liqene akullnajore. Masivi i Pelisterit kryq\u00ebzohet nga nj\u00eb num\u00ebr lumenjve piktoresk malor n\u00ebp\u00ebr t\u00eb cil\u00ebt rrjedhin uj\u00ebra [&hellip;]<\/p>\n","protected":false},"author":1,"featured_media":551,"parent":0,"menu_order":0,"comment_status":"closed","ping_status":"closed","template":"template-hidrology.php","meta":[],"_links":{"self":[{"href":"https:\/\/park-pelister.com\/sq\/wp-json\/wp\/v2\/pages\/85"}],"collection":[{"href":"https:\/\/park-pelister.com\/sq\/wp-json\/wp\/v2\/pages"}],"about":[{"href":"https:\/\/park-pelister.com\/sq\/wp-json\/wp\/v2\/types\/page"}],"author":[{"embeddable":true,"href":"https:\/\/park-pelister.com\/sq\/wp-json\/wp\/v2\/users\/1"}],"replies":[{"embeddable":true,"href":"https:\/\/park-pelister.com\/sq\/wp-json\/wp\/v2\/comments?post=85"}],"version-history":[{"count":0,"href":"https:\/\/park-pelister.com\/sq\/wp-json\/wp\/v2\/pages\/85\/revisions"}],"wp:featuredmedia":[{"embeddable":true,"href":"https:\/\/park-pelister.com\/sq\/wp-json\/wp\/v2\/media\/551"}],"wp:attachment":[{"href":"https:\/\/park-pelister.com\/sq\/wp-json\/wp\/v2\/media?parent=85"}],"curies":[{"name":"wp","href":"https:\/\/api.w.org\/{rel}","templated":true}]}}

<p><img loading="lazy" class="alignnone size-medium wp-image-551" src="http://pelister.development.ivote.mk/wp-content/uploads/2020/05/semnica-1-2-300x225.jpg" alt="" width="300" height="225" srcset="https://park-pelister.com/wp-content/uploads/2020/05/semnica-1-2-300x225.jpg 300w, https://park-pelister.com/wp-content/uploads/2020/05/semnica-1-2.jpg 640w" sizes="(max-width: 300px) 100vw, 300px" /></p>
<p><em>Lumi Shemnica &#8211; lumi me rrjedhjen më të gjatë të ujit nga lumenjtë në Pelister.</em></p>
<p>Pelisteri ka një rrjet hidrografik të zhvilluar, kështu që kjo zonë është e pasur me burime, përrenj dhe lumenj malorë, dhe ka dy liqene akullnajore.</p>
<p>Masivi i Pelisterit kryqëzohet nga një numër lumenjve piktoresk malor nëpër të cilët rrjedhin ujëra të pastër dhe të ftohtë. Të gjithë këto e përbëjnë  dekorimin e peizazhit malor. Ata janë një zbukurim i malit dhe fisnikërojnë peizazhin përmes të cilit rrjedhin.</p>
<p>Disa nga ujërat rrjedhin drejt Liqenit të Prespës dhe i përkasin pellgut të Adriatikut, dhe të tjera përmes Pellagonisë, në pellgun e Egjeut. Nga luginat e larta malore e deri tek luginat përreth, zbresin 23 rrjedha lumenjsh. Ata kanë një karakter të veçantë malor. Rrjedha ujore më e gjatë në Pelister me gjatësi 46 km është lumi Shemnica.</p>
<p>Nga objektet hidrografike, me tërheqje të veçantë janë dy liqenet akullnajorë &#8211; Liqeni i Madh dhe Liqeni i Vogël i Pelisterit, të njohur me emrin  Sytë e Pelisterit.</p>
<p>Liqeni i adh shtrihet në një lartësi prej 2218m. eshtë një nga liqenet më të larta akullnajore në Maqedoni. Shtrihet në drejtimin veri-jug,  mbulon një sipërfaqe prej 4.2 ha,  i gjatë 223 m, i gjerë 162 m, dhe me thellësi 14.5 m.</p>
<p>Liqeni i vogël shtrihet në 2180 m. ndodhet në burimet e lumenjve të Kuq. Është i gjatë 79 m, i gjerë 68 m, me thellësi 2,6 m dhe rreth 2 km larg nga Liqeni i Madh, në një drejtim veriperëndimor.</p>
<p>&nbsp;</p>

<p>Lumi Shemnica &#8211; lumi me rrjedhjen më të gjatë të ujit nga lumenjtë në Pelister. Pelisteri ka një rrjet hidrografik të zhvilluar, kështu që kjo zonë është e pasur me burime, përrenj dhe lumenj malorë, dhe ka dy liqene akullnajore. Masivi i Pelisterit kryqëzohet nga një numër lumenjve piktoresk malor nëpër të cilët rrjedhin ujëra [&hellip;]</p>
