{"id":69,"date":"2020-04-22T15:11:02","date_gmt":"2020-04-22T15:11:02","guid":{"rendered":"http:\/\/localhost\/pelister\/?page_id=69"},"modified":"2020-09-13T06:57:26","modified_gmt":"2020-09-13T06:57:26","slug":"flora-2","status":"publish","type":"page","link":"https:\/\/park-pelister.com\/sq\/flora-2\/","title":{"rendered":"Flora"},"content":{"rendered":"<p><img loading=\"lazy\" class=\"alignnone wp-image-565\" src=\"http:\/\/pelister.development.ivote.mk\/wp-content\/uploads\/2020\/05\/Avtor-Ivan-Trpkov-300x209.jpg\" alt=\"\" width=\"283\" height=\"197\" srcset=\"https:\/\/park-pelister.com\/wp-content\/uploads\/2020\/05\/Avtor-Ivan-Trpkov-300x209.jpg 300w, https:\/\/park-pelister.com\/wp-content\/uploads\/2020\/05\/Avtor-Ivan-Trpkov.jpg 640w\" sizes=\"(max-width: 283px) 100vw, 283px\" \/>\u00a0 \u00a0 \u00a0 \u00a0 \u00a0 \u00a0 <img loading=\"lazy\" class=\"alignnone wp-image-567\" src=\"http:\/\/pelister.development.ivote.mk\/wp-content\/uploads\/2020\/05\/7-Trpkov-300x208.jpg\" alt=\"\" width=\"282\" height=\"196\" srcset=\"https:\/\/park-pelister.com\/wp-content\/uploads\/2020\/05\/7-Trpkov-300x208.jpg 300w, https:\/\/park-pelister.com\/wp-content\/uploads\/2020\/05\/7-Trpkov.jpg 640w\" sizes=\"(max-width: 282px) 100vw, 282px\" \/><\/p>\n<p>Flora n\u00eb Parkun Komb\u00ebtar Pelister me pasurin\u00eb, larmin\u00eb dhe ngjyr\u00ebn e saj \u00ebsht\u00eb nj\u00eb nga vlerat m\u00eb t\u00eb r\u00ebnd\u00ebsishme t\u00eb biodiversitetit n\u00eb k\u00ebt\u00eb mal dhe t\u00ebrheq interesin e studiuesve, vizitor\u00ebve dhe dashamir\u00ebve t\u00eb parqeve m\u00eb t\u00eb vjet\u00ebr dhe nj\u00eb nga m\u00eb t\u00eb bukurit parqe komb\u00ebtare n\u00eb R. e Maqedonis\u00eb s\u00eb Veriut.<\/p>\n<p><img loading=\"lazy\" class=\"alignnone wp-image-466\" src=\"http:\/\/pelister.development.ivote.mk\/wp-content\/uploads\/2020\/05\/P1010108-300x225.jpg\" alt=\"\" width=\"287\" height=\"215\" srcset=\"https:\/\/park-pelister.com\/wp-content\/uploads\/2020\/05\/P1010108-300x225.jpg 300w, https:\/\/park-pelister.com\/wp-content\/uploads\/2020\/05\/P1010108.jpg 640w\" sizes=\"(max-width: 287px) 100vw, 287px\" \/>\u00a0 \u00a0 \u00a0 \u00a0 \u00a0 \u00a0<img loading=\"lazy\" class=\"alignnone size-medium wp-image-568\" src=\"http:\/\/pelister.development.ivote.mk\/wp-content\/uploads\/2020\/05\/8-trpkov-300x216.jpg\" alt=\"\" width=\"300\" height=\"216\" srcset=\"https:\/\/park-pelister.com\/wp-content\/uploads\/2020\/05\/8-trpkov-300x216.jpg 300w, https:\/\/park-pelister.com\/wp-content\/uploads\/2020\/05\/8-trpkov.jpg 640w\" sizes=\"(max-width: 300px) 100vw, 300px\" \/><\/p>\n<p>Flora e Pelisterit tani num\u00ebron 1307 takson\u00eb. Flora e Pelisterit me pasurin\u00eb dhe larmin\u00eb e saj gjithmon\u00eb ka t\u00ebrhequr v\u00ebmendjen e studiuesve. Flora e Pelisterit dhe malit Baba u b\u00eb e njohur p\u00ebr nj\u00eb rreth m\u00eb t\u00eb gjer\u00eb botanist\u00ebsh p\u00ebr her\u00eb t\u00eb par\u00eb pas shfaqjes s\u00eb vepr\u00ebs pionierike t\u00eb Grisebach (1843-44): Spicilegium florae Rumelicae et Bithynicae, e cila p\u00ebr her\u00eb t\u00eb par\u00eb dha t\u00eb dh\u00ebna me lule p\u00ebr territorin e Maqedonis\u00eb, dhe n\u00eb at\u00eb kontekst edhe p\u00ebr Pelisterin. P\u00ebrkat\u00ebsisht, botanisti gjerman Grisebach \u00ebsht\u00eb botanisti i par\u00eb q\u00eb viziton k\u00ebt\u00eb mal (1839) dhe ai p\u00ebrshkroi disa specie t\u00eb reja p\u00ebr shkenc\u00eb, duke p\u00ebrfshir\u00eb speciet Pinus peuce Grisebach (molika), e cila \u00ebsht\u00eb nj\u00eb brend i Pelisterit.<\/p>\n<p><img loading=\"lazy\" class=\"alignnone wp-image-570\" src=\"http:\/\/pelister.development.ivote.mk\/wp-content\/uploads\/2020\/05\/12-bauksbaumia-300x212.jpg\" alt=\"\" width=\"292\" height=\"206\" srcset=\"https:\/\/park-pelister.com\/wp-content\/uploads\/2020\/05\/12-bauksbaumia-300x212.jpg 300w, https:\/\/park-pelister.com\/wp-content\/uploads\/2020\/05\/12-bauksbaumia.jpg 640w\" sizes=\"(max-width: 292px) 100vw, 292px\" \/>\u00a0 \u00a0 \u00a0 \u00a0 \u00a0 \u00a0 \u00a0<img loading=\"lazy\" class=\"alignnone wp-image-569\" src=\"http:\/\/pelister.development.ivote.mk\/wp-content\/uploads\/2020\/05\/Mannia_triandra_a_144540-474800_8893-300x198.jpg\" alt=\"\" width=\"317\" height=\"209\" srcset=\"https:\/\/park-pelister.com\/wp-content\/uploads\/2020\/05\/Mannia_triandra_a_144540-474800_8893-300x198.jpg 300w, https:\/\/park-pelister.com\/wp-content\/uploads\/2020\/05\/Mannia_triandra_a_144540-474800_8893.jpg 640w\" sizes=\"(max-width: 317px) 100vw, 317px\" \/><\/p>\n<p>N\u00eb Shtojc\u00ebn e Planit t\u00eb Menaxhimit t\u00eb PK &#8220;Pelister&#8221; nga viti 2006, u p\u00ebrfshin\u00eb vet\u00ebm 1034 bim\u00eb takson. Nga k\u00ebto, 21 ishin myshqe, mbi t\u00eb cilat n\u00ebp\u00ebrmjet disa hulumtimeve shtes\u00eb n\u00eb vitin 2019, numri u shtua deri n\u00eb 273 specie t\u00eb reja t\u00eb myshkut, t\u00eb regjistruara kryesisht nga studiuesi \u00a0finlandez Kimmo Sirjanen. K\u00ebshtu, flora e PK &#8220;Pelister&#8221; tani p\u00ebrfaq\u00ebsohet nga 1307 takson\u00eb.<\/p>\n<p>N\u00eb Pelister rriten 88 lloje drunjsh, q\u00eb p\u00ebrfaq\u00ebson 29% t\u00eb dendroflor\u00ebs totale n\u00eb Maqedoni. Shumica e zonave pyjore t\u00eb Pelisterit jan\u00eb ah, dhe pyjet molika (Rines reise Grisebach) dhe formojn\u00eb kompakt\u00ebsi t\u00eb biodiversitetit n\u00eb rangun e lart\u00ebsis\u00eb prej 700 &#8211; 2200 m dhe \u00ebsht\u00eb nj\u00eb mark\u00eb floristike e Pelisterit. Pyjet e lisit &#8211; 487 ha &#8211; n\u00eb Pelister paraqesin zon\u00ebn m\u00eb t\u00eb vog\u00ebl pyjore. Pjesa tjet\u00ebr jan\u00eb pyje t\u00eb p\u00ebrziera, si vijon: molik\u00eb &#8211; bredhi, molik\u00eb &#8211; ah, molik\u00eb &#8211; ahu &#8211; bredhi, ahu &#8211; bredhi dhe ahu &#8211; pyje lisi. N\u00eb bim\u00ebsin\u00eb e Pelisterit ekzistojn\u00eb 21 bashk\u00ebsi bimore, nga t\u00eb cilat 8 jan\u00eb me pyje \u00a0dhe 13 jan\u00eb bashk\u00ebsi me bar.<\/p>\n<p><img loading=\"lazy\" class=\"alignnone wp-image-563\" src=\"http:\/\/pelister.development.ivote.mk\/wp-content\/uploads\/2020\/05\/SAS_1399-300x203.jpg\" alt=\"\" width=\"307\" height=\"208\" srcset=\"https:\/\/park-pelister.com\/wp-content\/uploads\/2020\/05\/SAS_1399-300x203.jpg 300w, https:\/\/park-pelister.com\/wp-content\/uploads\/2020\/05\/SAS_1399.jpg 640w\" sizes=\"(max-width: 307px) 100vw, 307px\" \/>\u00a0 \u00a0 \u00a0 \u00a0 \u00a0 \u00a0 \u00a0 <img loading=\"lazy\" class=\"alignnone wp-image-564\" src=\"http:\/\/pelister.development.ivote.mk\/wp-content\/uploads\/2020\/05\/P6110062-300x217.jpg\" alt=\"\" width=\"288\" height=\"208\" srcset=\"https:\/\/park-pelister.com\/wp-content\/uploads\/2020\/05\/P6110062-300x217.jpg 300w, https:\/\/park-pelister.com\/wp-content\/uploads\/2020\/05\/P6110062.jpg 640w\" sizes=\"(max-width: 288px) 100vw, 288px\" \/><\/p>\n<p>Interesimi p\u00ebr flor\u00ebn e k\u00ebtij mali si n\u00eb t\u00eb kaluar\u00ebn ashtu edhe sot \u00ebsht\u00eb i pranish\u00ebm n\u00eb shum\u00eb botanist\u00eb t\u00eb huaj dhe vendas &#8211; florist\u00eb dhe fitocenolog\u00eb. N\u00eb veprat e tyre, ky thesar botanik zbulohet gradualisht dhe njohurit\u00eb p\u00ebr karakteristikat e saj t\u00eb flor\u00ebs-vegjetacionit plot\u00ebsohen vazhdimisht. Midis tyre, m\u00eb dominuesit jan\u00eb familjet Asteraceae (Compositae), Caryophyllaceae, Fabaceae (Leguminosae), Poaceae (Gramineae), Rosaceae, Lamiaceae (Labiatae) etj.<\/p>","protected":false},"excerpt":{"rendered":"<p>\u00a0 \u00a0 \u00a0 \u00a0 \u00a0 \u00a0 Flora n\u00eb Parkun Komb\u00ebtar Pelister me pasurin\u00eb, larmin\u00eb dhe ngjyr\u00ebn e saj \u00ebsht\u00eb nj\u00eb nga vlerat m\u00eb t\u00eb r\u00ebnd\u00ebsishme t\u00eb biodiversitetit n\u00eb k\u00ebt\u00eb mal dhe t\u00ebrheq interesin e studiuesve, vizitor\u00ebve dhe dashamir\u00ebve t\u00eb parqeve m\u00eb t\u00eb vjet\u00ebr dhe nj\u00eb nga m\u00eb t\u00eb bukurit parqe komb\u00ebtare n\u00eb R. e Maqedonis\u00eb [&hellip;]<\/p>\n","protected":false},"author":1,"featured_media":466,"parent":0,"menu_order":0,"comment_status":"closed","ping_status":"closed","template":"template-flora.php","meta":[],"_links":{"self":[{"href":"https:\/\/park-pelister.com\/sq\/wp-json\/wp\/v2\/pages\/69"}],"collection":[{"href":"https:\/\/park-pelister.com\/sq\/wp-json\/wp\/v2\/pages"}],"about":[{"href":"https:\/\/park-pelister.com\/sq\/wp-json\/wp\/v2\/types\/page"}],"author":[{"embeddable":true,"href":"https:\/\/park-pelister.com\/sq\/wp-json\/wp\/v2\/users\/1"}],"replies":[{"embeddable":true,"href":"https:\/\/park-pelister.com\/sq\/wp-json\/wp\/v2\/comments?post=69"}],"version-history":[{"count":0,"href":"https:\/\/park-pelister.com\/sq\/wp-json\/wp\/v2\/pages\/69\/revisions"}],"wp:featuredmedia":[{"embeddable":true,"href":"https:\/\/park-pelister.com\/sq\/wp-json\/wp\/v2\/media\/466"}],"wp:attachment":[{"href":"https:\/\/park-pelister.com\/sq\/wp-json\/wp\/v2\/media?parent=69"}],"curies":[{"name":"wp","href":"https:\/\/api.w.org\/{rel}","templated":true}]}}

<p><img loading="lazy" class="alignnone wp-image-565" src="http://pelister.development.ivote.mk/wp-content/uploads/2020/05/Avtor-Ivan-Trpkov-300x209.jpg" alt="" width="283" height="197" srcset="https://park-pelister.com/wp-content/uploads/2020/05/Avtor-Ivan-Trpkov-300x209.jpg 300w, https://park-pelister.com/wp-content/uploads/2020/05/Avtor-Ivan-Trpkov.jpg 640w" sizes="(max-width: 283px) 100vw, 283px" />            <img loading="lazy" class="alignnone wp-image-567" src="http://pelister.development.ivote.mk/wp-content/uploads/2020/05/7-Trpkov-300x208.jpg" alt="" width="282" height="196" srcset="https://park-pelister.com/wp-content/uploads/2020/05/7-Trpkov-300x208.jpg 300w, https://park-pelister.com/wp-content/uploads/2020/05/7-Trpkov.jpg 640w" sizes="(max-width: 282px) 100vw, 282px" /></p>
<p>Flora në Parkun Kombëtar Pelister me pasurinë, larminë dhe ngjyrën e saj është një nga vlerat më të rëndësishme të biodiversitetit në këtë mal dhe tërheq interesin e studiuesve, vizitorëve dhe dashamirëve të parqeve më të vjetër dhe një nga më të bukurit parqe kombëtare në R. e Maqedonisë së Veriut.</p>
<p><img loading="lazy" class="alignnone wp-image-466" src="http://pelister.development.ivote.mk/wp-content/uploads/2020/05/P1010108-300x225.jpg" alt="" width="287" height="215" srcset="https://park-pelister.com/wp-content/uploads/2020/05/P1010108-300x225.jpg 300w, https://park-pelister.com/wp-content/uploads/2020/05/P1010108.jpg 640w" sizes="(max-width: 287px) 100vw, 287px" />           <img loading="lazy" class="alignnone size-medium wp-image-568" src="http://pelister.development.ivote.mk/wp-content/uploads/2020/05/8-trpkov-300x216.jpg" alt="" width="300" height="216" srcset="https://park-pelister.com/wp-content/uploads/2020/05/8-trpkov-300x216.jpg 300w, https://park-pelister.com/wp-content/uploads/2020/05/8-trpkov.jpg 640w" sizes="(max-width: 300px) 100vw, 300px" /></p>
<p>Flora e Pelisterit tani numëron 1307 taksonë. Flora e Pelisterit me pasurinë dhe larminë e saj gjithmonë ka tërhequr vëmendjen e studiuesve. Flora e Pelisterit dhe malit Baba u bë e njohur për një rreth më të gjerë botanistësh për herë të parë pas shfaqjes së veprës pionierike të Grisebach (1843-44): Spicilegium florae Rumelicae et Bithynicae, e cila për herë të parë dha të dhëna me lule për territorin e Maqedonisë, dhe në atë kontekst edhe për Pelisterin. Përkatësisht, botanisti gjerman Grisebach është botanisti i parë që viziton këtë mal (1839) dhe ai përshkroi disa specie të reja për shkencë, duke përfshirë speciet Pinus peuce Grisebach (molika), e cila është një brend i Pelisterit.</p>
<p><img loading="lazy" class="alignnone wp-image-570" src="http://pelister.development.ivote.mk/wp-content/uploads/2020/05/12-bauksbaumia-300x212.jpg" alt="" width="292" height="206" srcset="https://park-pelister.com/wp-content/uploads/2020/05/12-bauksbaumia-300x212.jpg 300w, https://park-pelister.com/wp-content/uploads/2020/05/12-bauksbaumia.jpg 640w" sizes="(max-width: 292px) 100vw, 292px" />             <img loading="lazy" class="alignnone wp-image-569" src="http://pelister.development.ivote.mk/wp-content/uploads/2020/05/Mannia_triandra_a_144540-474800_8893-300x198.jpg" alt="" width="317" height="209" srcset="https://park-pelister.com/wp-content/uploads/2020/05/Mannia_triandra_a_144540-474800_8893-300x198.jpg 300w, https://park-pelister.com/wp-content/uploads/2020/05/Mannia_triandra_a_144540-474800_8893.jpg 640w" sizes="(max-width: 317px) 100vw, 317px" /></p>
<p>Në Shtojcën e Planit të Menaxhimit të PK &#8220;Pelister&#8221; nga viti 2006, u përfshinë vetëm 1034 bimë takson. Nga këto, 21 ishin myshqe, mbi të cilat nëpërmjet disa hulumtimeve shtesë në vitin 2019, numri u shtua deri në 273 specie të reja të myshkut, të regjistruara kryesisht nga studiuesi  finlandez Kimmo Sirjanen. Kështu, flora e PK &#8220;Pelister&#8221; tani përfaqësohet nga 1307 taksonë.</p>
<p>Në Pelister rriten 88 lloje drunjsh, që përfaqëson 29% të dendroflorës totale në Maqedoni. Shumica e zonave pyjore të Pelisterit janë ah, dhe pyjet molika (Rines reise Grisebach) dhe formojnë kompaktësi të biodiversitetit në rangun e lartësisë prej 700 &#8211; 2200 m dhe është një markë floristike e Pelisterit. Pyjet e lisit &#8211; 487 ha &#8211; në Pelister paraqesin zonën më të vogël pyjore. Pjesa tjetër janë pyje të përziera, si vijon: molikë &#8211; bredhi, molikë &#8211; ah, molikë &#8211; ahu &#8211; bredhi, ahu &#8211; bredhi dhe ahu &#8211; pyje lisi. Në bimësinë e Pelisterit ekzistojnë 21 bashkësi bimore, nga të cilat 8 janë me pyje  dhe 13 janë bashkësi me bar.</p>
<p><img loading="lazy" class="alignnone wp-image-563" src="http://pelister.development.ivote.mk/wp-content/uploads/2020/05/SAS_1399-300x203.jpg" alt="" width="307" height="208" srcset="https://park-pelister.com/wp-content/uploads/2020/05/SAS_1399-300x203.jpg 300w, https://park-pelister.com/wp-content/uploads/2020/05/SAS_1399.jpg 640w" sizes="(max-width: 307px) 100vw, 307px" />              <img loading="lazy" class="alignnone wp-image-564" src="http://pelister.development.ivote.mk/wp-content/uploads/2020/05/P6110062-300x217.jpg" alt="" width="288" height="208" srcset="https://park-pelister.com/wp-content/uploads/2020/05/P6110062-300x217.jpg 300w, https://park-pelister.com/wp-content/uploads/2020/05/P6110062.jpg 640w" sizes="(max-width: 288px) 100vw, 288px" /></p>
<p>Interesimi për florën e këtij mali si në të kaluarën ashtu edhe sot është i pranishëm në shumë botanistë të huaj dhe vendas &#8211; floristë dhe fitocenologë. Në veprat e tyre, ky thesar botanik zbulohet gradualisht dhe njohuritë për karakteristikat e saj të florës-vegjetacionit plotësohen vazhdimisht. Midis tyre, më dominuesit janë familjet Asteraceae (Compositae), Caryophyllaceae, Fabaceae (Leguminosae), Poaceae (Gramineae), Rosaceae, Lamiaceae (Labiatae) etj.</p>

<p>            Flora në Parkun Kombëtar Pelister me pasurinë, larminë dhe ngjyrën e saj është një nga vlerat më të rëndësishme të biodiversitetit në këtë mal dhe tërheq interesin e studiuesve, vizitorëve dhe dashamirëve të parqeve më të vjetër dhe një nga më të bukurit parqe kombëtare në R. e Maqedonisë [&hellip;]</p>
