{"id":2023,"date":"2020-06-09T08:56:46","date_gmt":"2020-06-09T08:56:46","guid":{"rendered":"http:\/\/pelister.development.ivote.mk\/?page_id=2023"},"modified":"2020-09-09T19:38:45","modified_gmt":"2020-09-09T19:38:45","slug":"%d0%b2%d0%b0%d1%81%d0%b8%d0%bb%d0%b8%d1%87%d0%b0%d1%80%d1%81%d0%ba%d0%b8-%d0%ba%d0%b0%d1%80%d0%bd%d0%b5%d0%b2%d0%b0%d0%bb-%d0%b2%d0%be-%d1%86%d0%b0%d0%bf%d0%b0%d1%80%d0%b8","status":"publish","type":"page","link":"https:\/\/park-pelister.com\/sq\/%d1%84%d0%be%d0%bb%d0%ba%d0%bb%d0%be%d1%80%d0%bd%d0%b8-%d0%bd%d0%b0%d1%81%d1%82%d0%b0%d0%bd%d0%b8\/%d0%b2%d0%b0%d1%81%d0%b8%d0%bb%d0%b8%d1%87%d0%b0%d1%80%d1%81%d0%ba%d0%b8-%d0%ba%d0%b0%d1%80%d0%bd%d0%b5%d0%b2%d0%b0%d0%bb-%d0%b2%d0%be-%d1%86%d0%b0%d0%bf%d0%b0%d1%80%d0%b8\/","title":{"rendered":"Karnevali Vasili\u00e7arski n\u00eb Capari"},"content":{"rendered":"<p><strong>Karnevali Vasili\u00e7arski n\u00eb Capari<\/strong><\/p>\n<p>Manastir, 13 Janar 2012 (MIA) &#8211; Bordi p\u00ebr organizimin e Karnevalit tradicional Vasili\u00e7arski, i cili mbahet \u00e7do vit n\u00eb fshatin Capari n\u00eb Pelister, njoftoi\u00a0 se pes\u00ebdhjet\u00eb njer\u00ebz t\u00eb moshave t\u00eb ndryshme do t\u00eb paraqiten n\u00ebp\u00ebr rrug\u00ebt e atij fshati nes\u00ebr n\u00eb m\u00ebngjes n\u00ebn maska.<\/p>\n<p>Sipas Jovan Nastevski, an\u00ebtar i bordit, Karnevali Vasili\u00e7arski daton q\u00eb nga vitet pes\u00ebdhjet\u00eb t\u00eb shekullit t\u00eb kaluar, kur organizator\u00eb t\u00eb caktuar kishin probleme me autoritetet e at\u00ebhershme q\u00eb nuk e mb\u00ebshtetnin k\u00ebt\u00eb tradit\u00eb t\u00eb banor\u00ebve t\u00eb fshatit Capari.<\/p>\n<p><img loading=\"lazy\" class=\"alignnone wp-image-1994\" src=\"http:\/\/pelister.development.ivote.mk\/wp-content\/uploads\/2020\/06\/FB_IMG_1547328097402-225x300.jpg\" alt=\"\" width=\"164\" height=\"219\" srcset=\"https:\/\/park-pelister.com\/wp-content\/uploads\/2020\/06\/FB_IMG_1547328097402-225x300.jpg 225w, https:\/\/park-pelister.com\/wp-content\/uploads\/2020\/06\/FB_IMG_1547328097402.jpg 696w\" sizes=\"(max-width: 164px) 100vw, 164px\" \/>\u00a0 \u00a0 <img loading=\"lazy\" class=\"alignnone wp-image-2004\" src=\"http:\/\/pelister.development.ivote.mk\/wp-content\/uploads\/2020\/06\/w-29-696x392-1-300x169.jpg\" alt=\"\" width=\"391\" height=\"220\" srcset=\"https:\/\/park-pelister.com\/wp-content\/uploads\/2020\/06\/w-29-696x392-1-300x169.jpg 300w, https:\/\/park-pelister.com\/wp-content\/uploads\/2020\/06\/w-29-696x392-1.jpg 696w\" sizes=\"(max-width: 391px) 100vw, 391px\" \/><\/p>\n<p>&#8211; K\u00ebt\u00eb vit jan\u00eb regjistruar m\u00eb shum\u00eb pjes\u00ebmarr\u00ebs n\u00eb krahasim me vitin e kaluar. Komiteti organizativ i Karnavalit tradicional Vasili\u00e7arski n\u00eb Capari pret q\u00eb kjo ngjarje t\u00eb marr\u00eb m\u00eb shum\u00eb mb\u00ebshtetje institucionale k\u00ebt\u00eb vit, n\u00eb m\u00ebnyr\u00eb q\u00eb kjo mbledhje e rrall\u00eb, t\u00eb kaloj\u00eb nga brezi n\u00eb brez, t\u00eb mos p\u00ebrfundoj\u00eb p\u00ebr shkak t\u00eb migrimit t\u00eb popullat\u00ebs.<\/p>\n<p><a href=\"http:\/\/www.idividi.com.mk\/vesti\/makedonija\/740347\/index.htm\">http:\/\/www.idividi.com.mk\/vesti\/makedonija\/740347\/index.htm<\/a><\/p>\n<p>&nbsp;<\/p>\n<p><strong>Tradita t\u00eb ngjashme n\u00eb fshatrat Capari dhe Malovishte<\/strong><\/p>\n<p>P\u00ebrve\u00e7 &#8220;Karnevalit t\u00eb Vev\u00e7anit&#8221;, n\u00eb vend p\u00ebr nder t\u00eb festimit t\u00eb Vitit t\u00eb Ri &#8211; Vasilica, organizohen edhe karnavale t\u00eb tjera me pesh\u00eb m\u00eb t\u00eb vog\u00ebl. Nj\u00eb prej tyre \u00ebsht\u00eb karnavali n\u00eb fshatin Capari n\u00eb Manastir.<\/p>\n<p>Sipas komitetit organizativ t\u00eb tradicionit &#8220;Vasili\u00e7arski Karnaval&#8221;, 50 burra t\u00eb moshuar t\u00eb maskuar t\u00eb moshave t\u00eb ndryshme do t\u00eb paraditen n\u00ebp\u00ebr rrug\u00ebt e Caparit n\u00eb k\u00ebt\u00eb fshat n\u00ebn-Pelisterin nes\u00ebr n\u00eb m\u00ebngjes. Pritjet e bordit p\u00ebr organizimin e Karnevalit jan\u00eb q\u00eb vitin e ardhsh\u00ebm ngjarja do t\u00eb marr\u00eb m\u00eb shum\u00eb mb\u00ebshtetje institucionale, dhe kjo do t\u00eb kontribuonte n\u00eb nj\u00eb popullarizim m\u00eb t\u00eb madh t\u00eb k\u00ebtij karnavali.<\/p>\n<p>Nj\u00eb karnaval i ngjash\u00ebm n\u00eb nj\u00eb shkall\u00eb m\u00eb t\u00eb vog\u00ebl, por mjaft interesant, organizohet nga banor\u00ebt e fshatit Malovishte n\u00eb Manastir, i cili \u00ebsht\u00eb vet\u00ebm disa kilometra larg nga Capari.<\/p>","protected":false},"excerpt":{"rendered":"<p>Karnevali Vasili\u00e7arski n\u00eb Capari Manastir, 13 Janar 2012 (MIA) &#8211; Bordi p\u00ebr organizimin e Karnevalit tradicional Vasili\u00e7arski, i cili mbahet \u00e7do vit n\u00eb fshatin Capari n\u00eb Pelister, njoftoi\u00a0 se pes\u00ebdhjet\u00eb njer\u00ebz t\u00eb moshave t\u00eb ndryshme do t\u00eb paraqiten n\u00ebp\u00ebr rrug\u00ebt e atij fshati nes\u00ebr n\u00eb m\u00ebngjes n\u00ebn maska. Sipas Jovan Nastevski, an\u00ebtar i bordit, Karnevali [&hellip;]<\/p>\n","protected":false},"author":2,"featured_media":1994,"parent":1986,"menu_order":0,"comment_status":"closed","ping_status":"closed","template":"template-folklore-events.php","meta":[],"_links":{"self":[{"href":"https:\/\/park-pelister.com\/sq\/wp-json\/wp\/v2\/pages\/2023"}],"collection":[{"href":"https:\/\/park-pelister.com\/sq\/wp-json\/wp\/v2\/pages"}],"about":[{"href":"https:\/\/park-pelister.com\/sq\/wp-json\/wp\/v2\/types\/page"}],"author":[{"embeddable":true,"href":"https:\/\/park-pelister.com\/sq\/wp-json\/wp\/v2\/users\/2"}],"replies":[{"embeddable":true,"href":"https:\/\/park-pelister.com\/sq\/wp-json\/wp\/v2\/comments?post=2023"}],"version-history":[{"count":0,"href":"https:\/\/park-pelister.com\/sq\/wp-json\/wp\/v2\/pages\/2023\/revisions"}],"up":[{"embeddable":true,"href":"https:\/\/park-pelister.com\/sq\/wp-json\/wp\/v2\/pages\/1986"}],"wp:featuredmedia":[{"embeddable":true,"href":"https:\/\/park-pelister.com\/sq\/wp-json\/wp\/v2\/media\/1994"}],"wp:attachment":[{"href":"https:\/\/park-pelister.com\/sq\/wp-json\/wp\/v2\/media?parent=2023"}],"curies":[{"name":"wp","href":"https:\/\/api.w.org\/{rel}","templated":true}]}}

Karnevali Vasiliçarski në Capari

<p><strong>Karnevali Vasiliçarski në Capari</strong></p>
<p>Manastir, 13 Janar 2012 (MIA) &#8211; Bordi për organizimin e Karnevalit tradicional Vasiliçarski, i cili mbahet çdo vit në fshatin Capari në Pelister, njoftoi  se pesëdhjetë njerëz të moshave të ndryshme do të paraqiten nëpër rrugët e atij fshati nesër në mëngjes nën maska.</p>
<p>Sipas Jovan Nastevski, anëtar i bordit, Karnevali Vasiliçarski daton që nga vitet pesëdhjetë të shekullit të kaluar, kur organizatorë të caktuar kishin probleme me autoritetet e atëhershme që nuk e mbështetnin këtë traditë të banorëve të fshatit Capari.</p>
<p><img loading="lazy" class="alignnone wp-image-1994" src="http://pelister.development.ivote.mk/wp-content/uploads/2020/06/FB_IMG_1547328097402-225x300.jpg" alt="" width="164" height="219" srcset="https://park-pelister.com/wp-content/uploads/2020/06/FB_IMG_1547328097402-225x300.jpg 225w, https://park-pelister.com/wp-content/uploads/2020/06/FB_IMG_1547328097402.jpg 696w" sizes="(max-width: 164px) 100vw, 164px" />    <img loading="lazy" class="alignnone wp-image-2004" src="http://pelister.development.ivote.mk/wp-content/uploads/2020/06/w-29-696x392-1-300x169.jpg" alt="" width="391" height="220" srcset="https://park-pelister.com/wp-content/uploads/2020/06/w-29-696x392-1-300x169.jpg 300w, https://park-pelister.com/wp-content/uploads/2020/06/w-29-696x392-1.jpg 696w" sizes="(max-width: 391px) 100vw, 391px" /></p>
<p>&#8211; Këtë vit janë regjistruar më shumë pjesëmarrës në krahasim me vitin e kaluar. Komiteti organizativ i Karnavalit tradicional Vasiliçarski në Capari pret që kjo ngjarje të marrë më shumë mbështetje institucionale këtë vit, në mënyrë që kjo mbledhje e rrallë, të kalojë nga brezi në brez, të mos përfundojë për shkak të migrimit të popullatës.</p>
<p><a href="http://www.idividi.com.mk/vesti/makedonija/740347/index.htm">http://www.idividi.com.mk/vesti/makedonija/740347/index.htm</a></p>
<p>&nbsp;</p>
<p><strong>Tradita të ngjashme në fshatrat Capari dhe Malovishte</strong></p>
<p>Përveç &#8220;Karnevalit të Vevçanit&#8221;, në vend për nder të festimit të Vitit të Ri &#8211; Vasilica, organizohen edhe karnavale të tjera me peshë më të vogël. Një prej tyre është karnavali në fshatin Capari në Manastir.</p>
<p>Sipas komitetit organizativ të tradicionit &#8220;Vasiliçarski Karnaval&#8221;, 50 burra të moshuar të maskuar të moshave të ndryshme do të paraditen nëpër rrugët e Caparit në këtë fshat nën-Pelisterin nesër në mëngjes. Pritjet e bordit për organizimin e Karnevalit janë që vitin e ardhshëm ngjarja do të marrë më shumë mbështetje institucionale, dhe kjo do të kontribuonte në një popullarizim më të madh të këtij karnavali.</p>
<p>Një karnaval i ngjashëm në një shkallë më të vogël, por mjaft interesant, organizohet nga banorët e fshatit Malovishte në Manastir, i cili është vetëm disa kilometra larg nga Capari.</p>

<p>Karnevali Vasiliçarski në Capari Manastir, 13 Janar 2012 (MIA) &#8211; Bordi për organizimin e Karnevalit tradicional Vasiliçarski, i cili mbahet çdo vit në fshatin Capari në Pelister, njoftoi  se pesëdhjetë njerëz të moshave të ndryshme do të paraqiten nëpër rrugët e atij fshati nesër në mëngjes nën maska. Sipas Jovan Nastevski, anëtar i bordit, Karnevali [&hellip;]</p>
