{"id":1986,"date":"2020-06-09T06:21:20","date_gmt":"2020-06-09T06:21:20","guid":{"rendered":"http:\/\/pelister.development.ivote.mk\/?page_id=1986"},"modified":"2020-09-09T19:28:35","modified_gmt":"2020-09-09T19:28:35","slug":"%d1%84%d0%be%d0%bb%d0%ba%d0%bb%d0%be%d1%80%d0%bd%d0%b8-%d0%bd%d0%b0%d1%81%d1%82%d0%b0%d0%bd%d0%b8","status":"publish","type":"page","link":"https:\/\/park-pelister.com\/sq\/%d1%84%d0%be%d0%bb%d0%ba%d0%bb%d0%be%d1%80%d0%bd%d0%b8-%d0%bd%d0%b0%d1%81%d1%82%d0%b0%d0%bd%d0%b8\/","title":{"rendered":"Ngjarjet folklorike"},"content":{"rendered":"<p><strong>Ngjarjet folklorike<\/strong><\/p>\n<p>N\u00eb kuad\u00ebr t\u00eb Parkut Komb\u00ebtar Pelister, n\u00eb t\u00eb kaluar\u00ebn jan\u00eb zhvilluar ngjarje folklorike dhe kulturore q\u00eb kishin r\u00ebnd\u00ebsi p\u00ebr popullsin\u00eb vendase.<\/p>\n<ol>\n<li><strong>Festivali Etno &#8211; Malovishte<\/strong><\/li>\n<\/ol>\n<p><img loading=\"lazy\" class=\"alignnone wp-image-1995\" src=\"http:\/\/pelister.development.ivote.mk\/wp-content\/uploads\/2020\/06\/malovista01082008-300x225.jpg\" alt=\"\" width=\"289\" height=\"217\" srcset=\"https:\/\/park-pelister.com\/wp-content\/uploads\/2020\/06\/malovista01082008-300x225.jpg 300w, https:\/\/park-pelister.com\/wp-content\/uploads\/2020\/06\/malovista01082008.jpg 340w\" sizes=\"(max-width: 289px) 100vw, 289px\" \/> \u00a0<img loading=\"lazy\" class=\"alignnone wp-image-1993\" src=\"http:\/\/pelister.development.ivote.mk\/wp-content\/uploads\/2020\/06\/DrUipjHWsAE4UBO-300x200.jpg\" alt=\"\" width=\"330\" height=\"220\" \/><\/p>\n<p>N\u00eb fshatin e vet\u00ebm brenda parkut komb\u00ebtar n\u00eb periudh\u00ebn nga 2001 deri n\u00eb vitin 2008 u mbajt &#8220;Festivali\u00a0 Etno &#8211; Malovishte&#8221;, i organizuar nga Shoqata EKE, dhe me mb\u00ebshtetjen e Komun\u00ebs s\u00eb Manastirit dhe fondacioneve t\u00eb tjera.<\/p>\n<p>P\u00ebr shkak t\u00eb, mbi t\u00eb gjitha, arsyeve organizative dhe financiare, ky festival nuk \u00ebsht\u00eb mbajtur vitet e fundit.<\/p>\n<ol start=\"2\">\n<li><strong>Panairi i produkteve lokale nga rajoni nd\u00ebr Pelisterin<\/strong><\/li>\n<\/ol>\n<p><img loading=\"lazy\" class=\"alignnone size-medium wp-image-1998\" src=\"http:\/\/pelister.development.ivote.mk\/wp-content\/uploads\/2020\/06\/PotpelisterskiProizvodi2008-4-300x200.jpg\" alt=\"\" width=\"300\" height=\"200\" srcset=\"https:\/\/park-pelister.com\/wp-content\/uploads\/2020\/06\/PotpelisterskiProizvodi2008-4-300x200.jpg 300w, https:\/\/park-pelister.com\/wp-content\/uploads\/2020\/06\/PotpelisterskiProizvodi2008-4.jpg 350w\" sizes=\"(max-width: 300px) 100vw, 300px\" \/> \u00a0<img loading=\"lazy\" class=\"alignnone size-medium wp-image-2001\" src=\"http:\/\/pelister.development.ivote.mk\/wp-content\/uploads\/2020\/06\/SaemPotpelisterski2010-5-300x197.jpg\" alt=\"\" width=\"300\" height=\"197\" srcset=\"https:\/\/park-pelister.com\/wp-content\/uploads\/2020\/06\/SaemPotpelisterski2010-5-300x197.jpg 300w, https:\/\/park-pelister.com\/wp-content\/uploads\/2020\/06\/SaemPotpelisterski2010-5.jpg 350w\" sizes=\"(max-width: 300px) 100vw, 300px\" \/><\/p>\n<p><img loading=\"lazy\" class=\"alignnone size-medium wp-image-1999\" src=\"http:\/\/pelister.development.ivote.mk\/wp-content\/uploads\/2020\/06\/PotpelisterskiProizvodi2008-5-300x200.jpg\" alt=\"\" width=\"300\" height=\"200\" srcset=\"https:\/\/park-pelister.com\/wp-content\/uploads\/2020\/06\/PotpelisterskiProizvodi2008-5-300x200.jpg 300w, https:\/\/park-pelister.com\/wp-content\/uploads\/2020\/06\/PotpelisterskiProizvodi2008-5.jpg 350w\" sizes=\"(max-width: 300px) 100vw, 300px\" \/>\u00a0 <img loading=\"lazy\" class=\"alignnone size-medium wp-image-1996\" src=\"http:\/\/pelister.development.ivote.mk\/wp-content\/uploads\/2020\/06\/PotpelisterskiProizvodi2008-2-300x200.jpg\" alt=\"\" width=\"300\" height=\"200\" srcset=\"https:\/\/park-pelister.com\/wp-content\/uploads\/2020\/06\/PotpelisterskiProizvodi2008-2-300x200.jpg 300w, https:\/\/park-pelister.com\/wp-content\/uploads\/2020\/06\/PotpelisterskiProizvodi2008-2.jpg 350w\" sizes=\"(max-width: 300px) 100vw, 300px\" \/><\/p>\n<p>Organizuar nga Komuna e Manastirit dhe grupi lokal p\u00ebr zhvillim rural, n\u00eb vitin 2008 n\u00eb fshatin Trnovo u mbajt panairi i par\u00eb i produkteve dhe sh\u00ebrbimeve vendore n\u00eb rajonin nd\u00ebr Pelisterin.<\/p>\n<p>Q\u00ebllimi i panairit ishte p\u00ebrmes promovimit dhe shitjes s\u00eb produkteve tradicionale vendase p\u00ebr t\u00eb krijuar mund\u00ebsi p\u00ebr zhvillimin e turizmit alternative, p\u00ebrdorimin e q\u00ebndruesh\u00ebm t\u00eb burimeve natyrore dhe promovimin e mark\u00ebs s\u00eb produkteve tradicionale nga rajoni, me q\u00ebllim t\u00eb p\u00ebrmir\u00ebsimit t\u00eb kushteve t\u00eb jetes\u00ebs s\u00eb popullat\u00ebs rurale n\u00eb rajonin n\u00ebn-Pelister. Mbi 60 fermer\u00eb vendas, zejtar\u00eb, dhe prodhues t\u00eb tjer\u00eb vendas nga t\u00eb kat\u00ebr fshatrat: Dihovo, Nizhepole, Trnovo dhe Magarevo u prezantuan n\u00eb k\u00ebt\u00eb panair.<\/p>\n<p>Fatkeq\u00ebsisht, kjo ngjarje u mbajt vet\u00ebm tre vjet rresht, dhe nuk vazhdoi t\u00eb ekzistoj\u00eb p\u00ebr shkak t\u00eb munges\u00ebs s\u00eb fondeve dhe p\u00ebrfundimit t\u00eb projektit p\u00ebr organizimin e tij.<\/p>","protected":false},"excerpt":{"rendered":"<p>Ngjarjet folklorike N\u00eb kuad\u00ebr t\u00eb Parkut Komb\u00ebtar Pelister, n\u00eb t\u00eb kaluar\u00ebn jan\u00eb zhvilluar ngjarje folklorike dhe kulturore q\u00eb kishin r\u00ebnd\u00ebsi p\u00ebr popullsin\u00eb vendase. Festivali Etno &#8211; Malovishte \u00a0 N\u00eb fshatin e vet\u00ebm brenda parkut komb\u00ebtar n\u00eb periudh\u00ebn nga 2001 deri n\u00eb vitin 2008 u mbajt &#8220;Festivali\u00a0 Etno &#8211; Malovishte&#8221;, i organizuar nga Shoqata EKE, dhe [&hellip;]<\/p>\n","protected":false},"author":2,"featured_media":0,"parent":0,"menu_order":0,"comment_status":"closed","ping_status":"closed","template":"template-folklore-events.php","meta":[],"_links":{"self":[{"href":"https:\/\/park-pelister.com\/sq\/wp-json\/wp\/v2\/pages\/1986"}],"collection":[{"href":"https:\/\/park-pelister.com\/sq\/wp-json\/wp\/v2\/pages"}],"about":[{"href":"https:\/\/park-pelister.com\/sq\/wp-json\/wp\/v2\/types\/page"}],"author":[{"embeddable":true,"href":"https:\/\/park-pelister.com\/sq\/wp-json\/wp\/v2\/users\/2"}],"replies":[{"embeddable":true,"href":"https:\/\/park-pelister.com\/sq\/wp-json\/wp\/v2\/comments?post=1986"}],"version-history":[{"count":0,"href":"https:\/\/park-pelister.com\/sq\/wp-json\/wp\/v2\/pages\/1986\/revisions"}],"wp:attachment":[{"href":"https:\/\/park-pelister.com\/sq\/wp-json\/wp\/v2\/media?parent=1986"}],"curies":[{"name":"wp","href":"https:\/\/api.w.org\/{rel}","templated":true}]}}

<p><strong>Ngjarjet folklorike</strong></p>
<p>Në kuadër të Parkut Kombëtar Pelister, në të kaluarën janë zhvilluar ngjarje folklorike dhe kulturore që kishin rëndësi për popullsinë vendase.</p>
<ol>
<li><strong>Festivali Etno &#8211; Malovishte</strong></li>
</ol>
<p><img loading="lazy" class="alignnone wp-image-1995" src="http://pelister.development.ivote.mk/wp-content/uploads/2020/06/malovista01082008-300x225.jpg" alt="" width="289" height="217" srcset="https://park-pelister.com/wp-content/uploads/2020/06/malovista01082008-300x225.jpg 300w, https://park-pelister.com/wp-content/uploads/2020/06/malovista01082008.jpg 340w" sizes="(max-width: 289px) 100vw, 289px" />  <img loading="lazy" class="alignnone wp-image-1993" src="http://pelister.development.ivote.mk/wp-content/uploads/2020/06/DrUipjHWsAE4UBO-300x200.jpg" alt="" width="330" height="220" /></p>
<p>Në fshatin e vetëm brenda parkut kombëtar në periudhën nga 2001 deri në vitin 2008 u mbajt &#8220;Festivali  Etno &#8211; Malovishte&#8221;, i organizuar nga Shoqata EKE, dhe me mbështetjen e Komunës së Manastirit dhe fondacioneve të tjera.</p>
<p>Për shkak të, mbi të gjitha, arsyeve organizative dhe financiare, ky festival nuk është mbajtur vitet e fundit.</p>
<ol start="2">
<li><strong>Panairi i produkteve lokale nga rajoni ndër Pelisterin</strong></li>
</ol>
<p><img loading="lazy" class="alignnone size-medium wp-image-1998" src="http://pelister.development.ivote.mk/wp-content/uploads/2020/06/PotpelisterskiProizvodi2008-4-300x200.jpg" alt="" width="300" height="200" srcset="https://park-pelister.com/wp-content/uploads/2020/06/PotpelisterskiProizvodi2008-4-300x200.jpg 300w, https://park-pelister.com/wp-content/uploads/2020/06/PotpelisterskiProizvodi2008-4.jpg 350w" sizes="(max-width: 300px) 100vw, 300px" />  <img loading="lazy" class="alignnone size-medium wp-image-2001" src="http://pelister.development.ivote.mk/wp-content/uploads/2020/06/SaemPotpelisterski2010-5-300x197.jpg" alt="" width="300" height="197" srcset="https://park-pelister.com/wp-content/uploads/2020/06/SaemPotpelisterski2010-5-300x197.jpg 300w, https://park-pelister.com/wp-content/uploads/2020/06/SaemPotpelisterski2010-5.jpg 350w" sizes="(max-width: 300px) 100vw, 300px" /></p>
<p><img loading="lazy" class="alignnone size-medium wp-image-1999" src="http://pelister.development.ivote.mk/wp-content/uploads/2020/06/PotpelisterskiProizvodi2008-5-300x200.jpg" alt="" width="300" height="200" srcset="https://park-pelister.com/wp-content/uploads/2020/06/PotpelisterskiProizvodi2008-5-300x200.jpg 300w, https://park-pelister.com/wp-content/uploads/2020/06/PotpelisterskiProizvodi2008-5.jpg 350w" sizes="(max-width: 300px) 100vw, 300px" />  <img loading="lazy" class="alignnone size-medium wp-image-1996" src="http://pelister.development.ivote.mk/wp-content/uploads/2020/06/PotpelisterskiProizvodi2008-2-300x200.jpg" alt="" width="300" height="200" srcset="https://park-pelister.com/wp-content/uploads/2020/06/PotpelisterskiProizvodi2008-2-300x200.jpg 300w, https://park-pelister.com/wp-content/uploads/2020/06/PotpelisterskiProizvodi2008-2.jpg 350w" sizes="(max-width: 300px) 100vw, 300px" /></p>
<p>Organizuar nga Komuna e Manastirit dhe grupi lokal për zhvillim rural, në vitin 2008 në fshatin Trnovo u mbajt panairi i parë i produkteve dhe shërbimeve vendore në rajonin ndër Pelisterin.</p>
<p>Qëllimi i panairit ishte përmes promovimit dhe shitjes së produkteve tradicionale vendase për të krijuar mundësi për zhvillimin e turizmit alternative, përdorimin e qëndrueshëm të burimeve natyrore dhe promovimin e markës së produkteve tradicionale nga rajoni, me qëllim të përmirësimit të kushteve të jetesës së popullatës rurale në rajonin nën-Pelister. Mbi 60 fermerë vendas, zejtarë, dhe prodhues të tjerë vendas nga të katër fshatrat: Dihovo, Nizhepole, Trnovo dhe Magarevo u prezantuan në këtë panair.</p>
<p>Fatkeqësisht, kjo ngjarje u mbajt vetëm tre vjet rresht, dhe nuk vazhdoi të ekzistojë për shkak të mungesës së fondeve dhe përfundimit të projektit për organizimin e tij.</p>

<p>Ngjarjet folklorike Në kuadër të Parkut Kombëtar Pelister, në të kaluarën janë zhvilluar ngjarje folklorike dhe kulturore që kishin rëndësi për popullsinë vendase. Festivali Etno &#8211; Malovishte   Në fshatin e vetëm brenda parkut kombëtar në periudhën nga 2001 deri në vitin 2008 u mbajt &#8220;Festivali  Etno &#8211; Malovishte&#8221;, i organizuar nga Shoqata EKE, dhe [&hellip;]</p>
