{"id":204,"date":"2020-04-24T15:20:35","date_gmt":"2020-04-24T15:20:35","guid":{"rendered":"http:\/\/localhost\/pelister\/?post_type=galeries&#038;p=204"},"modified":"2020-09-14T08:04:56","modified_gmt":"2020-09-14T08:04:56","slug":"president-of-republic-of-macedonia-mr-george-ivanov-have-visited-pelister","status":"publish","type":"galeries","link":"https:\/\/park-pelister.com\/sq\/galeries\/president-of-republic-of-macedonia-mr-george-ivanov-have-visited-pelister\/","title":{"rendered":"Presidenti i Republik\u00ebs s\u00eb Maqedonis\u00eb, z. George Ivanov ka vizituar Pelisterin"},"featured_media":209,"template":"","_links":{"self":[{"href":"https:\/\/park-pelister.com\/sq\/wp-json\/wp\/v2\/galeries\/204"}],"collection":[{"href":"https:\/\/park-pelister.com\/sq\/wp-json\/wp\/v2\/galeries"}],"about":[{"href":"https:\/\/park-pelister.com\/sq\/wp-json\/wp\/v2\/types\/galeries"}],"wp:featuredmedia":[{"embeddable":true,"href":"https:\/\/park-pelister.com\/sq\/wp-json\/wp\/v2\/media\/209"}],"wp:attachment":[{"href":"https:\/\/park-pelister.com\/sq\/wp-json\/wp\/v2\/media?parent=204"}],"curies":[{"name":"wp","href":"https:\/\/api.w.org\/{rel}","templated":true}]}}

Presidenti i Republikës së Maqedonisë, z. George Ivanov ka vizituar Pelisterin
