{"id":1738,"date":"2020-06-07T17:44:56","date_gmt":"2020-06-07T17:44:56","guid":{"rendered":"http:\/\/pelister.development.ivote.mk\/?post_type=galeries&#038;p=1738"},"modified":"2020-09-14T07:57:37","modified_gmt":"2020-09-14T07:57:37","slug":"%d1%84%d0%b0%d1%83%d0%bd%d0%b0%d1%82%d0%b0-%d0%b2%d0%be-%d0%bd%d0%bf-%d0%bf%d0%b5%d0%bb%d0%b8%d1%81%d1%82%d0%b5%d1%80-%d0%b4%d0%b5%d0%bb-%d0%be%d0%b4-%d0%bd%d0%b5%d0%b0","status":"publish","type":"galeries","link":"https:\/\/park-pelister.com\/sq\/galeries\/%d1%84%d0%b0%d1%83%d0%bd%d0%b0%d1%82%d0%b0-%d0%b2%d0%be-%d0%bd%d0%bf-%d0%bf%d0%b5%d0%bb%d0%b8%d1%81%d1%82%d0%b5%d1%80-%d0%b4%d0%b5%d0%bb-%d0%be%d0%b4-%d0%bd%d0%b5%d0%b0\/","title":{"rendered":"Fauna n\u00eb PK Pelister &#8211; nj\u00eb pjes\u00eb e saj"},"featured_media":1778,"template":"","_links":{"self":[{"href":"https:\/\/park-pelister.com\/sq\/wp-json\/wp\/v2\/galeries\/1738"}],"collection":[{"href":"https:\/\/park-pelister.com\/sq\/wp-json\/wp\/v2\/galeries"}],"about":[{"href":"https:\/\/park-pelister.com\/sq\/wp-json\/wp\/v2\/types\/galeries"}],"wp:featuredmedia":[{"embeddable":true,"href":"https:\/\/park-pelister.com\/sq\/wp-json\/wp\/v2\/media\/1778"}],"wp:attachment":[{"href":"https:\/\/park-pelister.com\/sq\/wp-json\/wp\/v2\/media?parent=1738"}],"curies":[{"name":"wp","href":"https:\/\/api.w.org\/{rel}","templated":true}]}}

Fauna në PK Pelister &#8211; një pjesë e saj
