{"id":1702,"date":"2020-06-07T17:39:45","date_gmt":"2020-06-07T17:39:45","guid":{"rendered":"http:\/\/pelister.development.ivote.mk\/?post_type=galeries&#038;p=1702"},"modified":"2020-09-14T07:56:01","modified_gmt":"2020-09-14T07:56:01","slug":"%d1%84%d0%bb%d0%be%d1%80%d0%b0%d1%82%d0%b0-%d0%bd%d0%b0-%d0%bf%d0%b5%d0%bb%d0%b8%d1%81%d1%82%d0%b5%d1%80-%d0%b4%d0%b5%d0%bb","status":"publish","type":"galeries","link":"https:\/\/park-pelister.com\/sq\/galeries\/%d1%84%d0%bb%d0%be%d1%80%d0%b0%d1%82%d0%b0-%d0%bd%d0%b0-%d0%bf%d0%b5%d0%bb%d0%b8%d1%81%d1%82%d0%b5%d1%80-%d0%b4%d0%b5%d0%bb\/","title":{"rendered":"Flora n\u00eb PK Pelister &#8211; nj\u00eb pjes\u00eb e saj"},"featured_media":1779,"template":"","_links":{"self":[{"href":"https:\/\/park-pelister.com\/sq\/wp-json\/wp\/v2\/galeries\/1702"}],"collection":[{"href":"https:\/\/park-pelister.com\/sq\/wp-json\/wp\/v2\/galeries"}],"about":[{"href":"https:\/\/park-pelister.com\/sq\/wp-json\/wp\/v2\/types\/galeries"}],"wp:featuredmedia":[{"embeddable":true,"href":"https:\/\/park-pelister.com\/sq\/wp-json\/wp\/v2\/media\/1779"}],"wp:attachment":[{"href":"https:\/\/park-pelister.com\/sq\/wp-json\/wp\/v2\/media?parent=1702"}],"curies":[{"name":"wp","href":"https:\/\/api.w.org\/{rel}","templated":true}]}}

Flora në PK Pelister &#8211; një pjesë e saj
