{"id":580,"date":"2020-05-12T18:40:12","date_gmt":"2020-05-12T18:40:12","guid":{"rendered":"http:\/\/pelister.development.ivote.mk\/?post_type=floras&#038;p=580"},"modified":"2020-09-13T07:45:42","modified_gmt":"2020-09-13T07:45:42","slug":"%d1%80%d0%b0%d1%81%d1%82%d0%b8%d1%82%d0%b5%d0%bb%d0%bd%d0%b8-%d0%b2%d0%b8%d0%b4%d0%be%d0%b2%d0%b8-%d0%be%d0%b4-%d0%bc%d0%b5%d1%93%d1%83%d0%bd%d0%b0%d1%80%d0%be%d0%b4%d0%bd%d0%be-%d0%b7%d0%bd%d0%b0","status":"publish","type":"floras","link":"https:\/\/park-pelister.com\/sq\/floras\/%d1%80%d0%b0%d1%81%d1%82%d0%b8%d1%82%d0%b5%d0%bb%d0%bd%d0%b8-%d0%b2%d0%b8%d0%b4%d0%be%d0%b2%d0%b8-%d0%be%d0%b4-%d0%bc%d0%b5%d1%93%d1%83%d0%bd%d0%b0%d1%80%d0%be%d0%b4%d0%bd%d0%be-%d0%b7%d0%bd%d0%b0\/","title":{"rendered":"Speciet bimore me r\u00ebnd\u00ebsi nd\u00ebrkomb\u00ebtare"},"content":{"rendered":"<p><img loading=\"lazy\" class=\"alignnone size-medium wp-image-586\" src=\"http:\/\/pelister.development.ivote.mk\/wp-content\/uploads\/2020\/05\/12-bauksbaumia-1-300x212.jpg\" alt=\"\" width=\"300\" height=\"212\" srcset=\"https:\/\/park-pelister.com\/wp-content\/uploads\/2020\/05\/12-bauksbaumia-1-300x212.jpg 300w, https:\/\/park-pelister.com\/wp-content\/uploads\/2020\/05\/12-bauksbaumia-1.jpg 640w\" sizes=\"(max-width: 300px) 100vw, 300px\" \/><\/p>\n<p>Speciet n\u00eb Pelister n\u00eb list\u00ebn e kuqe bot\u00ebrore t\u00eb specieve t\u00eb k\u00ebrc\u00ebnuara (Lista e Kuqe e IUCN e specieve t\u00eb k\u00ebrc\u00ebnuara, 1998):<\/p>\n<ul>\n<li><strong><em>Alkanna pulmonaria<\/em><\/strong><\/li>\n<li><strong><em>Centaurea deustiformis<\/em><\/strong><\/li>\n<li><strong><em>Dianthus myrtinervius<\/em><\/strong><\/li>\n<li><strong><em>Fritillaria gussichiae<\/em><\/strong><\/li>\n<li><strong><em>Malus Florenthina<\/em><\/strong><\/li>\n<li><strong><em>Pedicularis limnogena<\/em><\/strong><\/li>\n<li><strong><em>Pinus peuce<\/em><\/strong><\/li>\n<li><strong><em>Sempervivum octopodes<\/em><\/strong><\/li>\n<li><strong><em>Viola eimia<\/em><\/strong><\/li>\n<\/ul>\n<p>&nbsp;<\/p>\n<p>Speciet e gjetura n\u00eb Aneksin I t\u00eb Konvent\u00ebs s\u00eb Bern\u00ebs; Direktivat e habitatit (Shtojca II b, Shtojca IV b): <strong>Buxbaumia viridis.<\/strong><\/p>\n<p>CORINE: <strong><em>Crocus pelistericus <\/em><\/strong>(MK)<\/p>\n<p>Llojet q\u00eb mund t\u00eb gjenden n\u00eb Gadishullin Ballkanik dhe Evrop\u00eb, dhe n\u00eb territorin e Maqedonis\u00eb zhvillohen vet\u00ebm n\u00eb Pelister:<\/p>\n<ul>\n<li><strong><em>Dianthus stenopetalus,<\/em><\/strong><\/li>\n<li><strong><em>Tozzia alpine subsp. Carpatica<\/em><\/strong><\/li>\n<li><strong><em>Viola parvula<\/em><\/strong><\/li>\n<\/ul>\n<p><\/p>","protected":false},"featured_media":585,"template":"","flora_category":[8],"_links":{"self":[{"href":"https:\/\/park-pelister.com\/sq\/wp-json\/wp\/v2\/floras\/580"}],"collection":[{"href":"https:\/\/park-pelister.com\/sq\/wp-json\/wp\/v2\/floras"}],"about":[{"href":"https:\/\/park-pelister.com\/sq\/wp-json\/wp\/v2\/types\/floras"}],"wp:featuredmedia":[{"embeddable":true,"href":"https:\/\/park-pelister.com\/sq\/wp-json\/wp\/v2\/media\/585"}],"wp:attachment":[{"href":"https:\/\/park-pelister.com\/sq\/wp-json\/wp\/v2\/media?parent=580"}],"wp:term":[{"taxonomy":"flora_category","embeddable":true,"href":"https:\/\/park-pelister.com\/sq\/wp-json\/wp\/v2\/flora_category?post=580"}],"curies":[{"name":"wp","href":"https:\/\/api.w.org\/{rel}","templated":true}]}}

Speciet bimore me rëndësi ndërkombëtare

<p><img loading="lazy" class="alignnone size-medium wp-image-586" src="http://pelister.development.ivote.mk/wp-content/uploads/2020/05/12-bauksbaumia-1-300x212.jpg" alt="" width="300" height="212" srcset="https://park-pelister.com/wp-content/uploads/2020/05/12-bauksbaumia-1-300x212.jpg 300w, https://park-pelister.com/wp-content/uploads/2020/05/12-bauksbaumia-1.jpg 640w" sizes="(max-width: 300px) 100vw, 300px" /></p>
<p>Speciet në Pelister në listën e kuqe botërore të specieve të kërcënuara (Lista e Kuqe e IUCN e specieve të kërcënuara, 1998):</p>
<ul>
<li><strong><em>Alkanna pulmonaria</em></strong></li>
<li><strong><em>Centaurea deustiformis</em></strong></li>
<li><strong><em>Dianthus myrtinervius</em></strong></li>
<li><strong><em>Fritillaria gussichiae</em></strong></li>
<li><strong><em>Malus Florenthina</em></strong></li>
<li><strong><em>Pedicularis limnogena</em></strong></li>
<li><strong><em>Pinus peuce</em></strong></li>
<li><strong><em>Sempervivum octopodes</em></strong></li>
<li><strong><em>Viola eimia</em></strong></li>
</ul>
<p>&nbsp;</p>
<p>Speciet e gjetura në Aneksin I të Konventës së Bernës; Direktivat e habitatit (Shtojca II b, Shtojca IV b): <strong>Buxbaumia viridis.</strong></p>
<p>CORINE: <strong><em>Crocus pelistericus </em></strong>(MK)</p>
<p>Llojet që mund të gjenden në Gadishullin Ballkanik dhe Evropë, dhe në territorin e Maqedonisë zhvillohen vetëm në Pelister:</p>
<ul>
<li><strong><em>Dianthus stenopetalus,</em></strong></li>
<li><strong><em>Tozzia alpine subsp. Carpatica</em></strong></li>
<li><strong><em>Viola parvula</em></strong></li>
</ul>
<p></p>
