{"id":579,"date":"2020-05-12T17:46:13","date_gmt":"2020-05-12T17:46:13","guid":{"rendered":"http:\/\/pelister.development.ivote.mk\/?post_type=floras&#038;p=579"},"modified":"2020-09-13T07:42:26","modified_gmt":"2020-09-13T07:42:26","slug":"%d0%b5%d0%bd%d0%b4%d0%b5%d0%bc%d0%b8%d1%87%d0%bd%d0%b8-%d0%b2%d0%b8%d0%b4%d0%be%d0%b2%d0%b8","status":"publish","type":"floras","link":"https:\/\/park-pelister.com\/sq\/floras\/%d0%b5%d0%bd%d0%b4%d0%b5%d0%bc%d0%b8%d1%87%d0%bd%d0%b8-%d0%b2%d0%b8%d0%b4%d0%be%d0%b2%d0%b8\/","title":{"rendered":"Llojet e bim\u00ebve endemike dhe t\u00eb rralla"},"content":{"rendered":"<p>N\u00eb Parkun Komb\u00ebtar Pelister ekzistojn\u00eb nj\u00eb num\u00ebr specie floristike q\u00eb kan\u00eb dometh\u00ebnie nd\u00ebrkomb\u00ebtare (speciet e List\u00ebs s\u00eb Kuqe Bot\u00ebrore dhe Evropiane t\u00eb Specieve t\u00eb Rrezikuara, specie t\u00eb mbrojtura nga Konventa e Bern\u00ebs, Direktivat e Habitatit t\u00eb BE-s\u00eb, CORINE &#8211; specie, etj.<\/p>\n<p><img loading=\"lazy\" class=\"alignnone size-medium wp-image-583\" src=\"http:\/\/pelister.development.ivote.mk\/wp-content\/uploads\/2020\/05\/12-Bauxbaumia-1-300x212.jpg\" alt=\"\" width=\"300\" height=\"212\" srcset=\"https:\/\/park-pelister.com\/wp-content\/uploads\/2020\/05\/12-Bauxbaumia-1-300x212.jpg 300w, https:\/\/park-pelister.com\/wp-content\/uploads\/2020\/05\/12-Bauxbaumia-1.jpg 640w\" sizes=\"(max-width: 300px) 100vw, 300px\" \/>\u00a0 \u00a0 \u00a0 \u00a0 \u00a0 \u00a0 <img loading=\"lazy\" class=\"alignnone size-medium wp-image-584\" src=\"http:\/\/pelister.development.ivote.mk\/wp-content\/uploads\/2020\/05\/15-karanfil-300x211.jpg\" alt=\"\" width=\"300\" height=\"211\" srcset=\"https:\/\/park-pelister.com\/wp-content\/uploads\/2020\/05\/15-karanfil-300x211.jpg 300w, https:\/\/park-pelister.com\/wp-content\/uploads\/2020\/05\/15-karanfil.jpg 640w\" sizes=\"(max-width: 300px) 100vw, 300px\" \/><\/p>\n<p>N\u00eb PK Pelister jan\u00eb regjistruar disa taksonomi q\u00eb kan\u00eb origjin\u00eb nga pjes\u00eb t\u00eb tjera t\u00eb Gadishullit Ballkanik dhe Evrop\u00eb, dhe n\u00eb territorin e R. Maqedonis\u00eb zhvillohen vet\u00ebm n\u00eb k\u00ebt\u00eb mal, si\u00e7 jan\u00eb: Dianthus stenopetalus, Tozzia alpine subsp. Carpatica, Viola parvula\u2026<\/p>\n<p>Endemit\u00eb lokale (locus Classicus) ose n\u00ebndememit\u00eb &#8211; N\u00eb Parkun Komb\u00ebtar Pelister p\u00ebr her\u00eb t\u00eb par\u00eb u zbuluan dhe u p\u00ebrshkruan si t\u00eb reja p\u00ebr shkenc\u00ebn mbi 15 taksone nga grupi i bim\u00ebve t\u00eb lul\u00ebzuar, d.m.th. kan\u00eb vendet e tyre klasike (Locus Classicus), si\u00e7 jan\u00eb: Alchemilla peristerica, Dianthus myrtinervius, Crocus pelistericus, Octopodes Sempervivum.<\/p>\n<p>&nbsp;<\/p>","protected":false},"featured_media":582,"template":"","flora_category":[8],"_links":{"self":[{"href":"https:\/\/park-pelister.com\/sq\/wp-json\/wp\/v2\/floras\/579"}],"collection":[{"href":"https:\/\/park-pelister.com\/sq\/wp-json\/wp\/v2\/floras"}],"about":[{"href":"https:\/\/park-pelister.com\/sq\/wp-json\/wp\/v2\/types\/floras"}],"wp:featuredmedia":[{"embeddable":true,"href":"https:\/\/park-pelister.com\/sq\/wp-json\/wp\/v2\/media\/582"}],"wp:attachment":[{"href":"https:\/\/park-pelister.com\/sq\/wp-json\/wp\/v2\/media?parent=579"}],"wp:term":[{"taxonomy":"flora_category","embeddable":true,"href":"https:\/\/park-pelister.com\/sq\/wp-json\/wp\/v2\/flora_category?post=579"}],"curies":[{"name":"wp","href":"https:\/\/api.w.org\/{rel}","templated":true}]}}

Llojet e bimëve endemike dhe të rralla

<p>Në Parkun Kombëtar Pelister ekzistojnë një numër specie floristike që kanë domethënie ndërkombëtare (speciet e Listës së Kuqe Botërore dhe Evropiane të Specieve të Rrezikuara, specie të mbrojtura nga Konventa e Bernës, Direktivat e Habitatit të BE-së, CORINE &#8211; specie, etj.</p>
<p><img loading="lazy" class="alignnone size-medium wp-image-583" src="http://pelister.development.ivote.mk/wp-content/uploads/2020/05/12-Bauxbaumia-1-300x212.jpg" alt="" width="300" height="212" srcset="https://park-pelister.com/wp-content/uploads/2020/05/12-Bauxbaumia-1-300x212.jpg 300w, https://park-pelister.com/wp-content/uploads/2020/05/12-Bauxbaumia-1.jpg 640w" sizes="(max-width: 300px) 100vw, 300px" />            <img loading="lazy" class="alignnone size-medium wp-image-584" src="http://pelister.development.ivote.mk/wp-content/uploads/2020/05/15-karanfil-300x211.jpg" alt="" width="300" height="211" srcset="https://park-pelister.com/wp-content/uploads/2020/05/15-karanfil-300x211.jpg 300w, https://park-pelister.com/wp-content/uploads/2020/05/15-karanfil.jpg 640w" sizes="(max-width: 300px) 100vw, 300px" /></p>
<p>Në PK Pelister janë regjistruar disa taksonomi që kanë origjinë nga pjesë të tjera të Gadishullit Ballkanik dhe Evropë, dhe në territorin e R. Maqedonisë zhvillohen vetëm në këtë mal, siç janë: Dianthus stenopetalus, Tozzia alpine subsp. Carpatica, Viola parvula…</p>
<p>Endemitë lokale (locus Classicus) ose nëndememitë &#8211; Në Parkun Kombëtar Pelister për herë të parë u zbuluan dhe u përshkruan si të reja për shkencën mbi 15 taksone nga grupi i bimëve të lulëzuar, d.m.th. kanë vendet e tyre klasike (Locus Classicus), siç janë: Alchemilla peristerica, Dianthus myrtinervius, Crocus pelistericus, Octopodes Sempervivum.</p>
<p>&nbsp;</p>
