{"id":660,"date":"2020-05-18T20:54:46","date_gmt":"2020-05-18T20:54:46","guid":{"rendered":"http:\/\/pelister.development.ivote.mk\/?post_type=faunas&#038;p=660"},"modified":"2020-09-13T08:31:20","modified_gmt":"2020-09-13T08:31:20","slug":"%d0%b2%d0%bb%d0%b5%d0%ba%d0%b0%d1%87%d0%b8","status":"publish","type":"faunas","link":"https:\/\/park-pelister.com\/sq\/faunas\/%d0%b2%d0%bb%d0%b5%d0%ba%d0%b0%d1%87%d0%b8\/","title":{"rendered":"Zvarranik\u00ebt"},"content":{"rendered":"<p>Regjistrimet e para t\u00eb zvarranik\u00ebve n\u00eb malin Baba datojn\u00eb q\u00eb nga vitet 1920 (Doflein 1921) ku raportohet prania e hardhucit\u00a0 t\u00eb maleve (Lacerta agilis). T\u00eb dh\u00ebnat e fundit jan\u00eb botuar n\u00eb periudh\u00ebn 2004-2016, n\u00eb t\u00eb cilat renditen speciet: Ablepharus kitaibelii, hardhuc\u00eb \u200b\u200bmalore (Lacerta agilis), hardhuc\u00eb \u200b\u200bt\u00eb gjelb\u00ebr (Lacerta trilineata), hardhuc\u00eb \u200b\u200bjeshile (Lacerta viridis) dhe Vipera berus.<\/p>\n<p><img loading=\"lazy\" class=\"alignnone size-medium wp-image-748\" src=\"http:\/\/pelister.development.ivote.mk\/wp-content\/uploads\/2020\/05\/66-sarka-2-300x210.jpg\" alt=\"\" width=\"300\" height=\"210\" srcset=\"https:\/\/park-pelister.com\/wp-content\/uploads\/2020\/05\/66-sarka-2-300x210.jpg 300w, https:\/\/park-pelister.com\/wp-content\/uploads\/2020\/05\/66-sarka-2.jpg 640w\" sizes=\"(max-width: 300px) 100vw, 300px\" \/>\u00a0 \u00a0 \u00a0 \u00a0 \u00a0 \u00a0 \u00a0 \u00a0 \u00a0 \u00a0 <img loading=\"lazy\" class=\"alignnone wp-image-745\" src=\"http:\/\/pelister.development.ivote.mk\/wp-content\/uploads\/2020\/05\/Poskok-1-300x224.jpg\" alt=\"\" width=\"280\" height=\"209\" srcset=\"https:\/\/park-pelister.com\/wp-content\/uploads\/2020\/05\/Poskok-1-300x224.jpg 300w, https:\/\/park-pelister.com\/wp-content\/uploads\/2020\/05\/Poskok-1.jpg 640w\" sizes=\"(max-width: 280px) 100vw, 280px\" \/><\/p>\n<p>Sterijovski et al. (2014) konfirmojn\u00eb t\u00eb gjitha t\u00eb dh\u00ebnat e publikuara deri m\u00eb tani dhe rendisin gjasht\u00eb specie t\u00eb reja t\u00eb zvarranik\u00ebve brenda parkut: Anguis fragilis, Coronella austriaca, Natrix natrix, Natrix tessellata, Podarcis muralis), Zamenis longissimus. Raporti p\u00ebr &#8220;Forcimin e Kapaciteteve p\u00ebr Zbatimin e Natura 2000 n\u00eb Maqedoni&#8221; (2016) p\u00ebrmend gjithashtu speciet Testudo hermanni.<\/p>\n<p><img loading=\"lazy\" class=\"alignnone size-medium wp-image-749\" src=\"http:\/\/pelister.development.ivote.mk\/wp-content\/uploads\/2020\/05\/Planinski-smok-Smooth-snake-Coronella-austriaca-300x225.jpg\" alt=\"\" width=\"300\" height=\"225\" srcset=\"https:\/\/park-pelister.com\/wp-content\/uploads\/2020\/05\/Planinski-smok-Smooth-snake-Coronella-austriaca-300x225.jpg 300w, https:\/\/park-pelister.com\/wp-content\/uploads\/2020\/05\/Planinski-smok-Smooth-snake-Coronella-austriaca.jpg 640w\" sizes=\"(max-width: 300px) 100vw, 300px\" \/>\u00a0 \u00a0 \u00a0 \u00a0 \u00a0 \u00a0 \u00a0 \u00a0 \u00a0<img loading=\"lazy\" class=\"alignnone wp-image-750\" src=\"http:\/\/pelister.development.ivote.mk\/wp-content\/uploads\/2020\/05\/48-zelka-2-300x199.jpg\" alt=\"\" width=\"333\" height=\"221\" srcset=\"https:\/\/park-pelister.com\/wp-content\/uploads\/2020\/05\/48-zelka-2-300x199.jpg 300w, https:\/\/park-pelister.com\/wp-content\/uploads\/2020\/05\/48-zelka-2.jpg 640w\" sizes=\"(max-width: 333px) 100vw, 333px\" \/><\/p>\n<p>Nga gjithsej 32 lloje zvarranik\u00ebsh n\u00eb Republik\u00ebn e Maqedonis\u00eb s\u00eb Veriut (Sterijovski et al. 2014), sipas t\u00eb dh\u00ebnave t\u00eb botuara t\u00eb literatur\u00ebs dhe hulumtimit n\u00eb terren t\u00eb realizuar n\u00eb vitin 2019 n\u00eb PK Pelister, u konfirmua prania e 16 specieve, ose 50% e diversitetit komb\u00ebtar t\u00eb k\u00ebsaj klase. Nga t\u00eb dh\u00ebnat e literatur\u00ebs si dhe nga hulumtimi i kryer n\u00eb vitin 2019, u p\u00ebrpilua nj\u00eb baz\u00eb e t\u00eb dh\u00ebnave p\u00ebr 15 lloje zvarranik\u00ebsh p\u00ebr Pelister.<\/p>\n<p><img loading=\"lazy\" class=\"alignnone size-medium wp-image-747\" src=\"http:\/\/pelister.development.ivote.mk\/wp-content\/uploads\/2020\/05\/52-planinaska-gusterica-1-300x212.jpg\" alt=\"\" width=\"300\" height=\"212\" srcset=\"https:\/\/park-pelister.com\/wp-content\/uploads\/2020\/05\/52-planinaska-gusterica-1-300x212.jpg 300w, https:\/\/park-pelister.com\/wp-content\/uploads\/2020\/05\/52-planinaska-gusterica-1.jpg 640w\" sizes=\"(max-width: 300px) 100vw, 300px\" \/>\u00a0 \u00a0 \u00a0 \u00a0 \u00a0 \u00a0 \u00a0 \u00a0 \u00a0 <img loading=\"lazy\" class=\"alignnone wp-image-751\" src=\"http:\/\/pelister.development.ivote.mk\/wp-content\/uploads\/2020\/05\/Goran-Kuzmanovski-copy-300x218.jpg\" alt=\"\" width=\"293\" height=\"213\" srcset=\"https:\/\/park-pelister.com\/wp-content\/uploads\/2020\/05\/Goran-Kuzmanovski-copy-300x218.jpg 300w, https:\/\/park-pelister.com\/wp-content\/uploads\/2020\/05\/Goran-Kuzmanovski-copy.jpg 640w\" sizes=\"(max-width: 293px) 100vw, 293px\" \/><\/p>\n<p>Lloji i 16-t\u00eb \u00ebsht\u00eb thekra e livadhit (Podarcis tauricus) sipas Micevski (2004). Thek\u00ebr livadh \u00ebsht\u00eb nj\u00eb specie stenovalente q\u00eb jeton n\u00eb habitatet me bar n\u00eb lart\u00ebsi deri n\u00eb 1200 m.<\/p>","protected":false},"featured_media":752,"template":"","fauna_category":[11,31],"_links":{"self":[{"href":"https:\/\/park-pelister.com\/sq\/wp-json\/wp\/v2\/faunas\/660"}],"collection":[{"href":"https:\/\/park-pelister.com\/sq\/wp-json\/wp\/v2\/faunas"}],"about":[{"href":"https:\/\/park-pelister.com\/sq\/wp-json\/wp\/v2\/types\/faunas"}],"wp:featuredmedia":[{"embeddable":true,"href":"https:\/\/park-pelister.com\/sq\/wp-json\/wp\/v2\/media\/752"}],"wp:attachment":[{"href":"https:\/\/park-pelister.com\/sq\/wp-json\/wp\/v2\/media?parent=660"}],"wp:term":[{"taxonomy":"fauna_category","embeddable":true,"href":"https:\/\/park-pelister.com\/sq\/wp-json\/wp\/v2\/fauna_category?post=660"}],"curies":[{"name":"wp","href":"https:\/\/api.w.org\/{rel}","templated":true}]}}

Zvarranikët

<p>Regjistrimet e para të zvarranikëve në malin Baba datojnë që nga vitet 1920 (Doflein 1921) ku raportohet prania e hardhucit  të maleve (Lacerta agilis). Të dhënat e fundit janë botuar në periudhën 2004-2016, në të cilat renditen speciet: Ablepharus kitaibelii, hardhucë ​​malore (Lacerta agilis), hardhucë ​​të gjelbër (Lacerta trilineata), hardhucë ​​jeshile (Lacerta viridis) dhe Vipera berus.</p>
<p><img loading="lazy" class="alignnone size-medium wp-image-748" src="http://pelister.development.ivote.mk/wp-content/uploads/2020/05/66-sarka-2-300x210.jpg" alt="" width="300" height="210" srcset="https://park-pelister.com/wp-content/uploads/2020/05/66-sarka-2-300x210.jpg 300w, https://park-pelister.com/wp-content/uploads/2020/05/66-sarka-2.jpg 640w" sizes="(max-width: 300px) 100vw, 300px" />                    <img loading="lazy" class="alignnone wp-image-745" src="http://pelister.development.ivote.mk/wp-content/uploads/2020/05/Poskok-1-300x224.jpg" alt="" width="280" height="209" srcset="https://park-pelister.com/wp-content/uploads/2020/05/Poskok-1-300x224.jpg 300w, https://park-pelister.com/wp-content/uploads/2020/05/Poskok-1.jpg 640w" sizes="(max-width: 280px) 100vw, 280px" /></p>
<p>Sterijovski et al. (2014) konfirmojnë të gjitha të dhënat e publikuara deri më tani dhe rendisin gjashtë specie të reja të zvarranikëve brenda parkut: Anguis fragilis, Coronella austriaca, Natrix natrix, Natrix tessellata, Podarcis muralis), Zamenis longissimus. Raporti për &#8220;Forcimin e Kapaciteteve për Zbatimin e Natura 2000 në Maqedoni&#8221; (2016) përmend gjithashtu speciet Testudo hermanni.</p>
<p><img loading="lazy" class="alignnone size-medium wp-image-749" src="http://pelister.development.ivote.mk/wp-content/uploads/2020/05/Planinski-smok-Smooth-snake-Coronella-austriaca-300x225.jpg" alt="" width="300" height="225" srcset="https://park-pelister.com/wp-content/uploads/2020/05/Planinski-smok-Smooth-snake-Coronella-austriaca-300x225.jpg 300w, https://park-pelister.com/wp-content/uploads/2020/05/Planinski-smok-Smooth-snake-Coronella-austriaca.jpg 640w" sizes="(max-width: 300px) 100vw, 300px" />                 <img loading="lazy" class="alignnone wp-image-750" src="http://pelister.development.ivote.mk/wp-content/uploads/2020/05/48-zelka-2-300x199.jpg" alt="" width="333" height="221" srcset="https://park-pelister.com/wp-content/uploads/2020/05/48-zelka-2-300x199.jpg 300w, https://park-pelister.com/wp-content/uploads/2020/05/48-zelka-2.jpg 640w" sizes="(max-width: 333px) 100vw, 333px" /></p>
<p>Nga gjithsej 32 lloje zvarranikësh në Republikën e Maqedonisë së Veriut (Sterijovski et al. 2014), sipas të dhënave të botuara të literaturës dhe hulumtimit në terren të realizuar në vitin 2019 në PK Pelister, u konfirmua prania e 16 specieve, ose 50% e diversitetit kombëtar të kësaj klase. Nga të dhënat e literaturës si dhe nga hulumtimi i kryer në vitin 2019, u përpilua një bazë e të dhënave për 15 lloje zvarranikësh për Pelister.</p>
<p><img loading="lazy" class="alignnone size-medium wp-image-747" src="http://pelister.development.ivote.mk/wp-content/uploads/2020/05/52-planinaska-gusterica-1-300x212.jpg" alt="" width="300" height="212" srcset="https://park-pelister.com/wp-content/uploads/2020/05/52-planinaska-gusterica-1-300x212.jpg 300w, https://park-pelister.com/wp-content/uploads/2020/05/52-planinaska-gusterica-1.jpg 640w" sizes="(max-width: 300px) 100vw, 300px" />                  <img loading="lazy" class="alignnone wp-image-751" src="http://pelister.development.ivote.mk/wp-content/uploads/2020/05/Goran-Kuzmanovski-copy-300x218.jpg" alt="" width="293" height="213" srcset="https://park-pelister.com/wp-content/uploads/2020/05/Goran-Kuzmanovski-copy-300x218.jpg 300w, https://park-pelister.com/wp-content/uploads/2020/05/Goran-Kuzmanovski-copy.jpg 640w" sizes="(max-width: 293px) 100vw, 293px" /></p>
<p>Lloji i 16-të është thekra e livadhit (Podarcis tauricus) sipas Micevski (2004). Thekër livadh është një specie stenovalente që jeton në habitatet me bar në lartësi deri në 1200 m.</p>
