{"id":529,"date":"2020-05-10T06:37:36","date_gmt":"2020-05-10T06:37:36","guid":{"rendered":"http:\/\/pelister.development.ivote.mk\/?post_type=climates&#038;p=529"},"modified":"2020-11-24T13:45:29","modified_gmt":"2020-11-24T13:45:29","slug":"%d0%b2%d1%80%d0%bd%d0%b5%d0%b6%d0%b8","status":"publish","type":"climates","link":"https:\/\/park-pelister.com\/sq\/climates\/%d0%b2%d1%80%d0%bd%d0%b5%d0%b6%d0%b8\/","title":{"rendered":"Bie shi"},"content":{"rendered":"<p><br \/>\nMegjith\u00ebse nuk ka t\u00eb dh\u00ebna p\u00ebr matjen, reshjet mesatare vjetore t\u00eb pritshme maksimale n\u00eb k\u00ebt\u00eb zon\u00eb nuk duhet t\u00eb kalojn\u00eb 1200 tt, n\u00eb nj\u00eb lart\u00ebsi prej rreth 1650 m. n.v.<\/p>\n<p><img loading=\"lazy\" class=\"alignnone wp-image-396\" src=\"http:\/\/pelister.development.ivote.mk\/wp-content\/uploads\/2020\/04\/1-150_Page_050-2-1-300x90.jpg\" alt=\"\" width=\"430\" height=\"129\" srcset=\"https:\/\/park-pelister.com\/wp-content\/uploads\/2020\/04\/1-150_Page_050-2-1-300x90.jpg 300w, https:\/\/park-pelister.com\/wp-content\/uploads\/2020\/04\/1-150_Page_050-2-1-1024x308.jpg 1024w, https:\/\/park-pelister.com\/wp-content\/uploads\/2020\/04\/1-150_Page_050-2-1-768x231.jpg 768w, https:\/\/park-pelister.com\/wp-content\/uploads\/2020\/04\/1-150_Page_050-2-1.jpg 1356w\" sizes=\"(max-width: 430px) 100vw, 430px\" \/><\/p>\n<p>Tabela 13. Reshjet mesatare t\u00eb reshjeve sipas muajve dhe periudhave p\u00ebr stacionin mat\u00ebs Manastir<\/p>\n<p>Var\u00ebsia logaritmike midis lart\u00ebsis\u00eb dhe reshjeve \u00ebsht\u00eb p\u00ebrcaktuar me nj\u00eb koeficient t\u00eb p\u00ebrcaktimit t\u00eb P2 = 0.996, q\u00eb do t\u00eb thot\u00eb se marr\u00ebdh\u00ebnia \u00ebsht\u00eb pothuajse funksionale. T\u00eb dh\u00ebna t\u00eb p\u00ebrshtatshme nga stacionet Manastir dhe Kazani jan\u00eb p\u00ebrdorur p\u00ebr t\u00eb p\u00ebrcaktuar reshjet n\u00eb PK Pelister p\u00ebr periudh\u00ebn 1991-2000. Sipas t\u00eb dh\u00ebnave, reshjet mesatare t\u00eb reshjeve n\u00eb k\u00ebt\u00eb dekad\u00eb n\u00eb stacionin Manastir (590 tt &#038; gt; 607 tt) dhe n\u00eb stacionin Kazani (805t &#038; gt; 800 tt) jan\u00eb shum\u00eb af\u00ebr reshjeve mesatare p\u00ebr disa vite (1951-1990), me Manastiri \u00ebsht\u00eb m\u00eb i vog\u00ebl, dhe n\u00eb Kazani me vlera m\u00eb t\u00eb larta.<\/p>\n<p>Ve\u00e7an\u00ebrisht vitet e thata jan\u00eb 1993 dhe 2000. 1996 \u00ebsht\u00eb nj\u00eb vit i ve\u00e7ant\u00eb.<\/p>\n<p>T\u00eb tjer\u00ebt jan\u00eb af\u00ebr vlerave mesatare.<\/p>","protected":false},"featured_media":530,"template":"","_links":{"self":[{"href":"https:\/\/park-pelister.com\/sq\/wp-json\/wp\/v2\/climates\/529"}],"collection":[{"href":"https:\/\/park-pelister.com\/sq\/wp-json\/wp\/v2\/climates"}],"about":[{"href":"https:\/\/park-pelister.com\/sq\/wp-json\/wp\/v2\/types\/climates"}],"wp:featuredmedia":[{"embeddable":true,"href":"https:\/\/park-pelister.com\/sq\/wp-json\/wp\/v2\/media\/530"}],"wp:attachment":[{"href":"https:\/\/park-pelister.com\/sq\/wp-json\/wp\/v2\/media?parent=529"}],"curies":[{"name":"wp","href":"https:\/\/api.w.org\/{rel}","templated":true}]}}

<p><br />
Megjithëse nuk ka të dhëna për matjen, reshjet mesatare vjetore të pritshme maksimale në këtë zonë nuk duhet të kalojnë 1200 tt, në një lartësi prej rreth 1650 m. n.v.</p>
<p><img loading="lazy" class="alignnone wp-image-396" src="http://pelister.development.ivote.mk/wp-content/uploads/2020/04/1-150_Page_050-2-1-300x90.jpg" alt="" width="430" height="129" srcset="https://park-pelister.com/wp-content/uploads/2020/04/1-150_Page_050-2-1-300x90.jpg 300w, https://park-pelister.com/wp-content/uploads/2020/04/1-150_Page_050-2-1-1024x308.jpg 1024w, https://park-pelister.com/wp-content/uploads/2020/04/1-150_Page_050-2-1-768x231.jpg 768w, https://park-pelister.com/wp-content/uploads/2020/04/1-150_Page_050-2-1.jpg 1356w" sizes="(max-width: 430px) 100vw, 430px" /></p>
<p>Tabela 13. Reshjet mesatare të reshjeve sipas muajve dhe periudhave për stacionin matës Manastir</p>
<p>Varësia logaritmike midis lartësisë dhe reshjeve është përcaktuar me një koeficient të përcaktimit të P2 = 0.996, që do të thotë se marrëdhënia është pothuajse funksionale. Të dhëna të përshtatshme nga stacionet Manastir dhe Kazani janë përdorur për të përcaktuar reshjet në PK Pelister për periudhën 1991-2000. Sipas të dhënave, reshjet mesatare të reshjeve në këtë dekadë në stacionin Manastir (590 tt &#038; gt; 607 tt) dhe në stacionin Kazani (805t &#038; gt; 800 tt) janë shumë afër reshjeve mesatare për disa vite (1951-1990), me Manastiri është më i vogël, dhe në Kazani me vlera më të larta.</p>
<p>Veçanërisht vitet e thata janë 1993 dhe 2000. 1996 është një vit i veçantë.</p>
<p>Të tjerët janë afër vlerave mesatare.</p>
