{"id":528,"date":"2020-05-10T06:34:00","date_gmt":"2020-05-10T06:34:00","guid":{"rendered":"http:\/\/pelister.development.ivote.mk\/?post_type=climates&#038;p=528"},"modified":"2020-09-13T21:00:30","modified_gmt":"2020-09-13T21:00:30","slug":"english-soil-climate-vegetation-zones","status":"publish","type":"climates","link":"https:\/\/park-pelister.com\/sq\/climates\/english-soil-climate-vegetation-zones\/","title":{"rendered":"Zonat Tok\u00eb-Klim\u00eb- Vegjetacion"},"content":{"rendered":"<p>Parku Komb\u00ebtar Pelister shtrihet n\u00eb nj\u00eb lart\u00ebsi prej 880 &#8211; 2601 m. Sipas metodologjis\u00eb s\u00eb Filipovskit, Rizovskit dhe Risteskit, (1996) n\u00eb Parkun ka disa zona t\u00eb tok\u00ebs-klim\u00ebs-vegjetacionit:<\/p>\n<ul>\n<li>kontinentale e ftoht\u00eb (880-1100 m mbi nivelin e detit), mesatare 1010 m.<\/li>\n<li>kontinentale Podgorike (1100-1300 m mbi nivelin e detit), mesatare 1200 m mbi nivelin e detit;<\/li>\n<li>kontinentale malore por K eG (1300-1650 m. C.), Mesatarja 1475 m. mbi nivelin e detit<\/li>\n<li>subalpine malore (1650-2250 m. Asl.), Mesatarja 1950 t m. mbi nivelin e detit<\/li>\n<li>alpine malore (2250-2601 m asl), mesatarja 2425 m. mbi nivelin e detit<\/li>\n<\/ul>\n<p>N\u00eb zon\u00ebn subalpine, temperatura mesatare negative ndodh n\u00eb mars, dhe n\u00eb zon\u00ebn alpine, n\u00eb mars dhe n\u00ebntor.<\/p>\n<p><img loading=\"lazy\" class=\"alignnone size-medium wp-image-463\" src=\"http:\/\/pelister.development.ivote.mk\/wp-content\/uploads\/2020\/04\/1-150_Page_059-1-246x300.jpg\" alt=\"\" width=\"246\" height=\"300\" srcset=\"https:\/\/park-pelister.com\/wp-content\/uploads\/2020\/04\/1-150_Page_059-1-246x300.jpg 246w, https:\/\/park-pelister.com\/wp-content\/uploads\/2020\/04\/1-150_Page_059-1.jpg 595w\" sizes=\"(max-width: 246px) 100vw, 246px\" \/><\/p>","protected":false},"featured_media":522,"template":"","_links":{"self":[{"href":"https:\/\/park-pelister.com\/sq\/wp-json\/wp\/v2\/climates\/528"}],"collection":[{"href":"https:\/\/park-pelister.com\/sq\/wp-json\/wp\/v2\/climates"}],"about":[{"href":"https:\/\/park-pelister.com\/sq\/wp-json\/wp\/v2\/types\/climates"}],"wp:featuredmedia":[{"embeddable":true,"href":"https:\/\/park-pelister.com\/sq\/wp-json\/wp\/v2\/media\/522"}],"wp:attachment":[{"href":"https:\/\/park-pelister.com\/sq\/wp-json\/wp\/v2\/media?parent=528"}],"curies":[{"name":"wp","href":"https:\/\/api.w.org\/{rel}","templated":true}]}}

Zonat Tokë-Klimë- Vegjetacion

<p>Parku Kombëtar Pelister shtrihet në një lartësi prej 880 &#8211; 2601 m. Sipas metodologjisë së Filipovskit, Rizovskit dhe Risteskit, (1996) në Parkun ka disa zona të tokës-klimës-vegjetacionit:</p>
<ul>
<li>kontinentale e ftohtë (880-1100 m mbi nivelin e detit), mesatare 1010 m.</li>
<li>kontinentale Podgorike (1100-1300 m mbi nivelin e detit), mesatare 1200 m mbi nivelin e detit;</li>
<li>kontinentale malore por K eG (1300-1650 m. C.), Mesatarja 1475 m. mbi nivelin e detit</li>
<li>subalpine malore (1650-2250 m. Asl.), Mesatarja 1950 t m. mbi nivelin e detit</li>
<li>alpine malore (2250-2601 m asl), mesatarja 2425 m. mbi nivelin e detit</li>
</ul>
<p>Në zonën subalpine, temperatura mesatare negative ndodh në mars, dhe në zonën alpine, në mars dhe nëntor.</p>
<p><img loading="lazy" class="alignnone size-medium wp-image-463" src="http://pelister.development.ivote.mk/wp-content/uploads/2020/04/1-150_Page_059-1-246x300.jpg" alt="" width="246" height="300" srcset="https://park-pelister.com/wp-content/uploads/2020/04/1-150_Page_059-1-246x300.jpg 246w, https://park-pelister.com/wp-content/uploads/2020/04/1-150_Page_059-1.jpg 595w" sizes="(max-width: 246px) 100vw, 246px" /></p>
