{"id":1167,"date":"2020-06-03T04:50:26","date_gmt":"2020-06-03T04:50:26","guid":{"rendered":"http:\/\/pelister.development.ivote.mk\/?post_type=churches&#038;p=1167"},"modified":"2020-09-09T19:07:12","modified_gmt":"2020-09-09T19:07:12","slug":"%d1%86%d1%80%d0%ba%d0%b2%d0%b8-%d0%bc%d0%b0%d0%bd%d0%b0%d1%81%d1%82%d0%b8%d1%80%d0%b8-%d0%b2%d0%be-%d0%bc%d0%b0%d0%bb%d0%be%d0%b2%d0%b8%d1%88%d1%82%d0%b5","status":"publish","type":"churches","link":"https:\/\/park-pelister.com\/sq\/churches\/%d1%86%d1%80%d0%ba%d0%b2%d0%b8-%d0%bc%d0%b0%d0%bd%d0%b0%d1%81%d1%82%d0%b8%d1%80%d0%b8-%d0%b2%d0%be-%d0%bc%d0%b0%d0%bb%d0%be%d0%b2%d0%b8%d1%88%d1%82%d0%b5\/","title":{"rendered":"Kishat \/ Manastiret n\u00eb Malovishte"},"content":{"rendered":"<p><strong>Ka disa kisha dhe manastire n\u00eb fshatin Malovishte<\/strong><\/p>\n<p>Kisha e Sh\u00ebn Petka \u00ebsht\u00eb kisha m\u00eb e madhe ortodokse n\u00eb fshatin Malovishte. Kisha \u00ebsht\u00eb nd\u00ebrtuar n\u00eb vitin 1856 n\u00eb themelet e nj\u00eb kishe tjet\u00ebr m\u00eb t\u00eb vog\u00ebl, e cila daton nga fundi i 16-t\u00eb deri n\u00eb fillim t\u00eb shekullit t\u00eb 17-t\u00eb. I kushtohet d\u00ebshmorit t\u00eb madh t\u00eb krishter\u00eb Sh\u00ebn Petka, t\u00eb cil\u00ebn besimtar\u00ebt e konsiderojn\u00eb mbrojt\u00ebs t\u00eb t\u00eb vdekurve. Festa e Sh\u00ebn. Petka festohet me 26 korrik.<\/p>\n<p><strong><img loading=\"lazy\" class=\"alignnone size-medium wp-image-1136\" src=\"http:\/\/pelister.development.ivote.mk\/wp-content\/uploads\/2020\/06\/mal-41-300x225.jpg\" sizes=\"(max-width: 300px) 100vw, 300px\" srcset=\"http:\/\/pelister.development.ivote.mk\/wp-content\/uploads\/2020\/06\/mal-41-300x225.jpg 300w, http:\/\/pelister.development.ivote.mk\/wp-content\/uploads\/2020\/06\/mal-41.jpg 720w\" alt=\"\" width=\"300\" height=\"225\" \/>\u00a0 \u00a0 \u00a0 \u00a0 \u00a0 \u00a0\u00a0<img loading=\"lazy\" class=\"alignnone wp-image-1140\" src=\"http:\/\/pelister.development.ivote.mk\/wp-content\/uploads\/2020\/06\/IMG_20150508_110227-300x210.jpg\" sizes=\"(max-width: 320px) 100vw, 320px\" srcset=\"http:\/\/pelister.development.ivote.mk\/wp-content\/uploads\/2020\/06\/IMG_20150508_110227-300x210.jpg 300w, http:\/\/pelister.development.ivote.mk\/wp-content\/uploads\/2020\/06\/IMG_20150508_110227.jpg 608w\" alt=\"\" width=\"320\" height=\"224\" \/>\u00a0 \u00a0<\/strong><\/p>\n<p>Kisha ka nj\u00eb dizajn t\u00eb bukur arkitektonik. N\u00eb thelb \u00ebsht\u00eb 32 m i gjat\u00eb dhe 20 m i gjer\u00eb. N\u00eb kish\u00eb ka nj\u00eb ikon\u00eb t\u00eb vog\u00ebl me nj\u00eb paraqitje leht\u00ebsuese t\u00eb Sh\u00ebn Petka n\u00eb argjend t\u00eb praruar, e cila tradicionalisht vendoset pran\u00eb t\u00eb ndjerit gjat\u00eb ceremonive funerale. Kisha ka nj\u00eb galeri t\u00eb p\u00ebrhershme ikonash me rreth 100 ekzemplar\u00eb t\u00eb bashkangjitur n\u00eb nj\u00eb hap\u00ebsir\u00eb \u200b\u200bkronologjike prej afro 400 vjet.<\/p>\n<p><strong>Manastiri i Sh\u00ebn Ana<\/strong><\/p>\n<p>N\u00eb 1.410m, dhe n\u00eb 2.5km. n\u00eb jug-per\u00ebndim t\u00eb fshatit Malovishte, n\u00eb nj\u00eb pyll t\u00eb lart\u00eb ahu \u00ebsht\u00eb nd\u00ebrtuar manastiri &#8220;Sh\u00ebn Ana \u201d. Ekzistojn\u00eb prova q\u00eb ekzistonte n\u00eb mesin e shekullit t\u00eb 18-t\u00eb. Manastiri i kushtohet Sh\u00ebn. Anna, n\u00ebna e N\u00ebn\u00ebs m\u00eb t\u00eb Shenjt\u00eb t\u00eb Zotit Mari. (Dit\u00ebt e festimit jan\u00eb 25 korriku &#8211; 22 shtator).<\/p>\n<p><img loading=\"lazy\" class=\"alignnone wp-image-1137\" src=\"http:\/\/pelister.development.ivote.mk\/wp-content\/uploads\/2020\/06\/Maloviste-1-300x225.jpg\" sizes=\"(max-width: 399px) 100vw, 399px\" srcset=\"http:\/\/pelister.development.ivote.mk\/wp-content\/uploads\/2020\/06\/Maloviste-1-300x225.jpg 300w, http:\/\/pelister.development.ivote.mk\/wp-content\/uploads\/2020\/06\/Maloviste-1.jpg 640w\" alt=\"\" width=\"399\" height=\"299\" \/>\u00a0 \u00a0 \u00a0 \u00a0 \u00a0 \u00a0\u00a0<strong><img loading=\"lazy\" class=\"alignnone size-medium wp-image-1138\" src=\"http:\/\/pelister.development.ivote.mk\/wp-content\/uploads\/2020\/06\/mal-17-225x300.jpg\" sizes=\"(max-width: 225px) 100vw, 225px\" srcset=\"http:\/\/pelister.development.ivote.mk\/wp-content\/uploads\/2020\/06\/mal-17-225x300.jpg 225w, http:\/\/pelister.development.ivote.mk\/wp-content\/uploads\/2020\/06\/mal-17.jpg 540w\" alt=\"\" width=\"225\" height=\"300\" \/><\/strong><\/p>\n<p><strong>Kisha e Sh\u00ebn Spas<\/strong><\/p>\n<p><img loading=\"lazy\" class=\"alignnone size-medium wp-image-1141\" src=\"http:\/\/pelister.development.ivote.mk\/wp-content\/uploads\/2020\/06\/DSCF9143-copy-300x225.jpg\" alt=\"\" width=\"300\" height=\"225\" \/><\/p>\n<p>E lart\u00eb n\u00eb malin posht\u00eb maj\u00ebs s\u00eb Piramid\u00ebs (Vrteshka) n\u00eb 2,000 metra mbi nivelin e detit, \u00ebsht\u00eb kisha kushtuar Ngjalljes s\u00eb Krishtit &#8211; Sh\u00ebn Spas. Festa e kish\u00ebs ndryshon dat\u00ebn, por jo dit\u00ebn. Gjithmon\u00eb festohet t\u00eb enjten, 40 dit\u00eb pas Pashk\u00ebs.<\/p>\n<p>P\u00ebrve\u00e7 k\u00ebtyre kishave, ekziston nj\u00eb kish\u00eb n\u00eb hyrje t\u00eb fshatit Malovishte kushtuar Sh\u00ebn. Gjergji, kurse n\u00eb jug, pas sht\u00ebpis\u00eb s\u00eb fundit n\u00eb Malovishte, \u00ebsht\u00eb kapela e Sh\u00ebn. Atanasi i Madh.<strong>\u00a0 \u00a0 \u00a0 \u00a0 \u00a0 \u00a0\u00a0<\/strong><\/p>","protected":false},"featured_media":1168,"template":"","_links":{"self":[{"href":"https:\/\/park-pelister.com\/sq\/wp-json\/wp\/v2\/churches\/1167"}],"collection":[{"href":"https:\/\/park-pelister.com\/sq\/wp-json\/wp\/v2\/churches"}],"about":[{"href":"https:\/\/park-pelister.com\/sq\/wp-json\/wp\/v2\/types\/churches"}],"wp:featuredmedia":[{"embeddable":true,"href":"https:\/\/park-pelister.com\/sq\/wp-json\/wp\/v2\/media\/1168"}],"wp:attachment":[{"href":"https:\/\/park-pelister.com\/sq\/wp-json\/wp\/v2\/media?parent=1167"}],"curies":[{"name":"wp","href":"https:\/\/api.w.org\/{rel}","templated":true}]}}

Kishat / Manastiret në Malovishte

<p><strong>Ka disa kisha dhe manastire në fshatin Malovishte</strong></p>
<p>Kisha e Shën Petka është kisha më e madhe ortodokse në fshatin Malovishte. Kisha është ndërtuar në vitin 1856 në themelet e një kishe tjetër më të vogël, e cila daton nga fundi i 16-të deri në fillim të shekullit të 17-të. I kushtohet dëshmorit të madh të krishterë Shën Petka, të cilën besimtarët e konsiderojnë mbrojtës të të vdekurve. Festa e Shën. Petka festohet me 26 korrik.</p>
<p><strong><img loading="lazy" class="alignnone size-medium wp-image-1136" src="http://pelister.development.ivote.mk/wp-content/uploads/2020/06/mal-41-300x225.jpg" sizes="(max-width: 300px) 100vw, 300px" srcset="http://pelister.development.ivote.mk/wp-content/uploads/2020/06/mal-41-300x225.jpg 300w, http://pelister.development.ivote.mk/wp-content/uploads/2020/06/mal-41.jpg 720w" alt="" width="300" height="225" />            <img loading="lazy" class="alignnone wp-image-1140" src="http://pelister.development.ivote.mk/wp-content/uploads/2020/06/IMG_20150508_110227-300x210.jpg" sizes="(max-width: 320px) 100vw, 320px" srcset="http://pelister.development.ivote.mk/wp-content/uploads/2020/06/IMG_20150508_110227-300x210.jpg 300w, http://pelister.development.ivote.mk/wp-content/uploads/2020/06/IMG_20150508_110227.jpg 608w" alt="" width="320" height="224" />   </strong></p>
<p>Kisha ka një dizajn të bukur arkitektonik. Në thelb është 32 m i gjatë dhe 20 m i gjerë. Në kishë ka një ikonë të vogël me një paraqitje lehtësuese të Shën Petka në argjend të praruar, e cila tradicionalisht vendoset pranë të ndjerit gjatë ceremonive funerale. Kisha ka një galeri të përhershme ikonash me rreth 100 ekzemplarë të bashkangjitur në një hapësirë ​​kronologjike prej afro 400 vjet.</p>
<p><strong>Manastiri i Shën Ana</strong></p>
<p>Në 1.410m, dhe në 2.5km. në jug-perëndim të fshatit Malovishte, në një pyll të lartë ahu është ndërtuar manastiri &#8220;Shën Ana ”. Ekzistojnë prova që ekzistonte në mesin e shekullit të 18-të. Manastiri i kushtohet Shën. Anna, nëna e Nënës më të Shenjtë të Zotit Mari. (Ditët e festimit janë 25 korriku &#8211; 22 shtator).</p>
<p><img loading="lazy" class="alignnone wp-image-1137" src="http://pelister.development.ivote.mk/wp-content/uploads/2020/06/Maloviste-1-300x225.jpg" sizes="(max-width: 399px) 100vw, 399px" srcset="http://pelister.development.ivote.mk/wp-content/uploads/2020/06/Maloviste-1-300x225.jpg 300w, http://pelister.development.ivote.mk/wp-content/uploads/2020/06/Maloviste-1.jpg 640w" alt="" width="399" height="299" />            <strong><img loading="lazy" class="alignnone size-medium wp-image-1138" src="http://pelister.development.ivote.mk/wp-content/uploads/2020/06/mal-17-225x300.jpg" sizes="(max-width: 225px) 100vw, 225px" srcset="http://pelister.development.ivote.mk/wp-content/uploads/2020/06/mal-17-225x300.jpg 225w, http://pelister.development.ivote.mk/wp-content/uploads/2020/06/mal-17.jpg 540w" alt="" width="225" height="300" /></strong></p>
<p><strong>Kisha e Shën Spas</strong></p>
<p><img loading="lazy" class="alignnone size-medium wp-image-1141" src="http://pelister.development.ivote.mk/wp-content/uploads/2020/06/DSCF9143-copy-300x225.jpg" alt="" width="300" height="225" /></p>
<p>E lartë në malin poshtë majës së Piramidës (Vrteshka) në 2,000 metra mbi nivelin e detit, është kisha kushtuar Ngjalljes së Krishtit &#8211; Shën Spas. Festa e kishës ndryshon datën, por jo ditën. Gjithmonë festohet të enjten, 40 ditë pas Pashkës.</p>
<p>Përveç këtyre kishave, ekziston një kishë në hyrje të fshatit Malovishte kushtuar Shën. Gjergji, kurse në jug, pas shtëpisë së fundit në Malovishte, është kapela e Shën. Atanasi i Madh.<strong>            </strong></p>
