{"id":158,"date":"2020-04-23T15:06:08","date_gmt":"2020-04-23T15:06:08","guid":{"rendered":"http:\/\/localhost\/pelister\/?post_type=activity&#038;p=158"},"modified":"2020-09-12T05:55:34","modified_gmt":"2020-09-12T05:55:34","slug":"%d0%b4%d0%b5%d1%82%d1%81%d0%ba%d0%be-%d0%be%d0%b4%d0%bc%d0%be%d1%80%d0%b0%d0%bb%d0%b8%d1%88%d1%82%d0%b5","status":"publish","type":"activity","link":"https:\/\/park-pelister.com\/sq\/activity\/%d0%b4%d0%b5%d1%82%d1%81%d0%ba%d0%be-%d0%be%d0%b4%d0%bc%d0%be%d1%80%d0%b0%d0%bb%d0%b8%d1%88%d1%82%d0%b5\/","title":{"rendered":"Pushimorja p\u00ebr f\u00ebmij\u00eb"},"content":{"rendered":"<p>Objekti i Pushimores p\u00ebr F\u00ebmij\u00ebt &#8211; Pelister aktualisht \u00ebsht\u00eb i mbyllur dhe nuk po funksionon. Nuk dihet kur pushimorja do t\u00eb vihet n\u00eb pun\u00eb, apo privatizohet, p\u00ebr t\u00eb gjetur dik\u00eb q\u00eb ta aktivizoj\u00eb.<\/p>\n<p>P\u00ebrndryshe, pronar i Pushimores p\u00ebr F\u00ebmij\u00ebt Pelister \u00ebsht\u00eb Ministria e Pun\u00ebs dhe politik\u00ebs Sociale, dhe Parku Komb\u00ebtar Pelister nuk ka ndonj\u00eb kompetenc\u00eb zyrtare n\u00eb menaxhimin e vendpushimit.<\/p>\n<p>P\u00ebr momentin, fotot q\u00eb po postojm\u00eb jan\u00eb nga e kaluara, kur objekti ishte aktiv.<\/p>","protected":false},"featured_media":791,"template":"","activitiy_category":[20],"_links":{"self":[{"href":"https:\/\/park-pelister.com\/sq\/wp-json\/wp\/v2\/activity\/158"}],"collection":[{"href":"https:\/\/park-pelister.com\/sq\/wp-json\/wp\/v2\/activity"}],"about":[{"href":"https:\/\/park-pelister.com\/sq\/wp-json\/wp\/v2\/types\/activity"}],"wp:featuredmedia":[{"embeddable":true,"href":"https:\/\/park-pelister.com\/sq\/wp-json\/wp\/v2\/media\/791"}],"wp:attachment":[{"href":"https:\/\/park-pelister.com\/sq\/wp-json\/wp\/v2\/media?parent=158"}],"wp:term":[{"taxonomy":"activitiy_category","embeddable":true,"href":"https:\/\/park-pelister.com\/sq\/wp-json\/wp\/v2\/activitiy_category?post=158"}],"curies":[{"name":"wp","href":"https:\/\/api.w.org\/{rel}","templated":true}]}}

Pushimorja për fëmijë

<p>Objekti i Pushimores për Fëmijët &#8211; Pelister aktualisht është i mbyllur dhe nuk po funksionon. Nuk dihet kur pushimorja do të vihet në punë, apo privatizohet, për të gjetur dikë që ta aktivizojë.</p>
<p>Përndryshe, pronar i Pushimores për Fëmijët Pelister është Ministria e Punës dhe politikës Sociale, dhe Parku Kombëtar Pelister nuk ka ndonjë kompetencë zyrtare në menaxhimin e vendpushimit.</p>
<p>Për momentin, fotot që po postojmë janë nga e kaluara, kur objekti ishte aktiv.</p>
